{"id":3738,"date":"2023-09-01T17:25:37","date_gmt":"2023-09-01T22:25:37","guid":{"rendered":"https:\/\/www.upstairsjazz.com\/?post_type=ajde_events&#038;p=3738"},"modified":"2024-01-17T10:51:14","modified_gmt":"2024-01-17T15:51:14","slug":"jacob-wutzke-quintet","status":"publish","type":"ajde_events","link":"https:\/\/www.upstairsjazz.com\/fr\/events\/jacob-wutzke-quintet\/","title":{"rendered":"Jacob Wutzke &#038; Lucas Dubovik Duo"},"content":{"rendered":"<p>Le batteur montr\u00e9alais Jacob Wutzke et le saxophoniste t\u00e9nor Lucas Dubovik forment un duo de jazz dynamique, jouant des arrangements astucieux de standards de jazz classiques ainsi que du mat\u00e9riel original. Le duo entretient une connexion musicale remarquable qui peut \u00eatre ressentie et appr\u00e9ci\u00e9e par les fans de jazz les plus exigeants ainsi que par les novices du jazz. Le format inhabituel du duo compos\u00e9 uniquement de batterie et de saxophone t\u00e9nor laisse beaucoup d&rsquo;espace \u00e0 l&rsquo;improvisation et \u00e0 la communication au sein des compositions, faisant de chaque performance une exp\u00e9rience passionnante et unique.<\/p>\n<p>Le premier projet de Wutzke\/Dubovik &#8212; un album audiovisuel intitul\u00e9 \u00ab Take it in Stride \u00bb &#8212; sortira en f\u00e9vrier 2024 avec une tourn\u00e9e en Ontario et au Qu\u00e9bec. Pour la biographie compl\u00e8te, les dates de tourn\u00e9e et plus encore, veuillez visiter jacobwutzke.com<\/p>\n<p>Les musiciens:<br \/>\nJacob Wutzke (batterie)<br \/>\nLucas Dubovik (saxophone t\u00e9nor)<\/p>\n<p><span style=\"color: #dd3333;\"><strong><a style=\"color: #dd3333;\" href=\"https:\/\/youtu.be\/XZQZdWXaVEQ?si=uzcDoTflHJKK_EJR\" target=\"_blank\" rel=\"noopener\">Youtube video: \u00ab\u00a0Jacob Wutzke Quartet plays Alias Buster Henry\u00a0\u00bb<\/a><\/strong><\/span><\/p>\n<p><iframe loading=\"lazy\" title=\"Jacob Wutzke Quartet plays Alias Buster Henry\" width=\"1080\" height=\"608\" src=\"https:\/\/www.youtube.com\/embed\/XZQZdWXaVEQ?feature=oembed\" frameborder=\"0\" allow=\"accelerometer; autoplay; clipboard-write; encrypted-media; gyroscope; picture-in-picture; web-share\" allowfullscreen><\/iframe><\/p>\n","protected":false},"author":3,"featured_media":4891,"menu_order":0,"comment_status":"open","ping_status":"closed","template":"","meta":[],"tags":[],"event_type":[],"event_type_2":[],"class_list":["post-3738","ajde_events","type-ajde_events","status-publish","has-post-thumbnail"],"yoast_head":"<!-- This site is optimized with the Yoast SEO Premium plugin v20.8 (Yoast SEO v27.5) - https:\/\/yoast.com\/product\/yoast-seo-premium-wordpress\/ -->\n<title>Jacob Wutzke &amp; Lucas Dubovik Duo - Upstairs Jazz<\/title>\n<meta name=\"robots\" content=\"index, follow, max-snippet:-1, max-image-preview:large, max-video-preview:-1\" \/>\n<link rel=\"canonical\" href=\"https:\/\/www.upstairsjazz.com\/fr\/events\/jacob-wutzke-quintet\/\" \/>\n<meta property=\"og:locale\" content=\"fr_FR\" \/>\n<meta property=\"og:type\" content=\"article\" \/>\n<meta property=\"og:title\" content=\"Jacob Wutzke &amp; Lucas Dubovik Duo\" \/>\n<meta property=\"og:description\" content=\"Le batteur montr\u00e9alais Jacob Wutzke et le saxophoniste t\u00e9nor Lucas Dubovik forment un duo de jazz dynamique, jouant des arrangements astucieux de standards de jazz classiques ainsi que du mat\u00e9riel...\" \/>\n<meta property=\"og:url\" content=\"https:\/\/www.upstairsjazz.com\/fr\/events\/jacob-wutzke-quintet\/\" \/>\n<meta property=\"og:site_name\" content=\"Upstairs Jazz\" \/>\n<meta property=\"article:publisher\" content=\"https:\/\/www.facebook.com\/upstairsjazz\" \/>\n<meta property=\"article:modified_time\" content=\"2024-01-17T15:51:14+00:00\" \/>\n<meta property=\"og:image\" content=\"https:\/\/www.upstairsjazz.com\/wp-content\/uploads\/2023\/09\/jacob-lukas-1024x768.png\" \/>\n\t<meta property=\"og:image:width\" content=\"1024\" \/>\n\t<meta property=\"og:image:height\" content=\"768\" \/>\n\t<meta property=\"og:image:type\" content=\"image\/png\" \/>\n<meta name=\"twitter:card\" content=\"summary_large_image\" \/>\n<meta name=\"twitter:site\" content=\"@Upstairsjazz\" \/>\n<meta name=\"twitter:label1\" content=\"Dur\u00e9e de lecture estim\u00e9e\" \/>\n\t<meta name=\"twitter:data1\" content=\"1 minute\" \/>\n<script type=\"application\/ld+json\" class=\"yoast-schema-graph\">{\"@context\":\"https:\\\/\\\/schema.org\",\"@graph\":[{\"@type\":\"WebPage\",\"@id\":\"https:\\\/\\\/www.upstairsjazz.com\\\/fr\\\/events\\\/jacob-wutzke-quintet\\\/\",\"url\":\"https:\\\/\\\/www.upstairsjazz.com\\\/fr\\\/events\\\/jacob-wutzke-quintet\\\/\",\"name\":\"Jacob Wutzke & Lucas Dubovik Duo - Upstairs Jazz\",\"isPartOf\":{\"@id\":\"https:\\\/\\\/www.upstairsjazz.com\\\/fr\\\/#website\"},\"primaryImageOfPage\":{\"@id\":\"https:\\\/\\\/www.upstairsjazz.com\\\/fr\\\/events\\\/jacob-wutzke-quintet\\\/#primaryimage\"},\"image\":{\"@id\":\"https:\\\/\\\/www.upstairsjazz.com\\\/fr\\\/events\\\/jacob-wutzke-quintet\\\/#primaryimage\"},\"thumbnailUrl\":\"https:\\\/\\\/www.upstairsjazz.com\\\/wp-content\\\/uploads\\\/2023\\\/09\\\/jacob-lukas.png\",\"datePublished\":\"2023-09-01T22:25:37+00:00\",\"dateModified\":\"2024-01-17T15:51:14+00:00\",\"breadcrumb\":{\"@id\":\"https:\\\/\\\/www.upstairsjazz.com\\\/fr\\\/events\\\/jacob-wutzke-quintet\\\/#breadcrumb\"},\"inLanguage\":\"fr-FR\",\"potentialAction\":[{\"@type\":\"ReadAction\",\"target\":[\"https:\\\/\\\/www.upstairsjazz.com\\\/fr\\\/events\\\/jacob-wutzke-quintet\\\/\"]}]},{\"@type\":\"ImageObject\",\"inLanguage\":\"fr-FR\",\"@id\":\"https:\\\/\\\/www.upstairsjazz.com\\\/fr\\\/events\\\/jacob-wutzke-quintet\\\/#primaryimage\",\"url\":\"https:\\\/\\\/www.upstairsjazz.com\\\/wp-content\\\/uploads\\\/2023\\\/09\\\/jacob-lukas.png\",\"contentUrl\":\"https:\\\/\\\/www.upstairsjazz.com\\\/wp-content\\\/uploads\\\/2023\\\/09\\\/jacob-lukas.png\",\"width\":2400,\"height\":1800},{\"@type\":\"BreadcrumbList\",\"@id\":\"https:\\\/\\\/www.upstairsjazz.com\\\/fr\\\/events\\\/jacob-wutzke-quintet\\\/#breadcrumb\",\"itemListElement\":[{\"@type\":\"ListItem\",\"position\":1,\"name\":\"Home\",\"item\":\"https:\\\/\\\/www.upstairsjazz.com\\\/fr\\\/accueil-fr-test\\\/\"},{\"@type\":\"ListItem\",\"position\":2,\"name\":\"Events\",\"item\":\"https:\\\/\\\/www.upstairsjazz.com\\\/events\\\/\"},{\"@type\":\"ListItem\",\"position\":3,\"name\":\"Jacob Wutzke &#038; Lucas Dubovik Duo\"}]},{\"@type\":\"WebSite\",\"@id\":\"https:\\\/\\\/www.upstairsjazz.com\\\/fr\\\/#website\",\"url\":\"https:\\\/\\\/www.upstairsjazz.com\\\/fr\\\/\",\"name\":\"Upstairs Jazz Club\",\"description\":\"Upstairs jazz club, Montreal Canada\",\"publisher\":{\"@id\":\"https:\\\/\\\/www.upstairsjazz.com\\\/fr\\\/#organization\"},\"potentialAction\":[{\"@type\":\"SearchAction\",\"target\":{\"@type\":\"EntryPoint\",\"urlTemplate\":\"https:\\\/\\\/www.upstairsjazz.com\\\/fr\\\/?s={search_term_string}\"},\"query-input\":{\"@type\":\"PropertyValueSpecification\",\"valueRequired\":true,\"valueName\":\"search_term_string\"}}],\"inLanguage\":\"fr-FR\"},{\"@type\":\"Organization\",\"@id\":\"https:\\\/\\\/www.upstairsjazz.com\\\/fr\\\/#organization\",\"name\":\"Upstairs Jazz Bar & Grill\",\"url\":\"https:\\\/\\\/www.upstairsjazz.com\\\/fr\\\/\",\"logo\":{\"@type\":\"ImageObject\",\"inLanguage\":\"fr-FR\",\"@id\":\"https:\\\/\\\/www.upstairsjazz.com\\\/fr\\\/#\\\/schema\\\/logo\\\/image\\\/\",\"url\":\"https:\\\/\\\/www.upstairsjazz.com\\\/wp-content\\\/uploads\\\/2020\\\/07\\\/upstairs-jazz-burger-1.jpg\",\"contentUrl\":\"https:\\\/\\\/www.upstairsjazz.com\\\/wp-content\\\/uploads\\\/2020\\\/07\\\/upstairs-jazz-burger-1.jpg\",\"width\":1490,\"height\":993,\"caption\":\"Upstairs Jazz Bar & Grill\"},\"image\":{\"@id\":\"https:\\\/\\\/www.upstairsjazz.com\\\/fr\\\/#\\\/schema\\\/logo\\\/image\\\/\"},\"sameAs\":[\"https:\\\/\\\/www.facebook.com\\\/upstairsjazz\",\"https:\\\/\\\/x.com\\\/Upstairsjazz\",\"https:\\\/\\\/www.instagram.com\\\/upstairsjazz\"]}]}<\/script>\n<!-- \/ Yoast SEO Premium plugin. -->","yoast_head_json":{"title":"Jacob Wutzke & Lucas Dubovik Duo - Upstairs Jazz","robots":{"index":"index","follow":"follow","max-snippet":"max-snippet:-1","max-image-preview":"max-image-preview:large","max-video-preview":"max-video-preview:-1"},"canonical":"https:\/\/www.upstairsjazz.com\/fr\/events\/jacob-wutzke-quintet\/","og_locale":"fr_FR","og_type":"article","og_title":"Jacob Wutzke & Lucas Dubovik Duo","og_description":"Le batteur montr\u00e9alais Jacob Wutzke et le saxophoniste t\u00e9nor Lucas Dubovik forment un duo de jazz dynamique, jouant des arrangements astucieux de standards de jazz classiques ainsi que du mat\u00e9riel...","og_url":"https:\/\/www.upstairsjazz.com\/fr\/events\/jacob-wutzke-quintet\/","og_site_name":"Upstairs Jazz","article_publisher":"https:\/\/www.facebook.com\/upstairsjazz","article_modified_time":"2024-01-17T15:51:14+00:00","og_image":[{"width":1024,"height":768,"url":"https:\/\/www.upstairsjazz.com\/wp-content\/uploads\/2023\/09\/jacob-lukas-1024x768.png","type":"image\/png"}],"twitter_card":"summary_large_image","twitter_site":"@Upstairsjazz","twitter_misc":{"Dur\u00e9e de lecture estim\u00e9e":"1 minute"},"schema":{"@context":"https:\/\/schema.org","@graph":[{"@type":"WebPage","@id":"https:\/\/www.upstairsjazz.com\/fr\/events\/jacob-wutzke-quintet\/","url":"https:\/\/www.upstairsjazz.com\/fr\/events\/jacob-wutzke-quintet\/","name":"Jacob Wutzke & Lucas Dubovik Duo - Upstairs Jazz","isPartOf":{"@id":"https:\/\/www.upstairsjazz.com\/fr\/#website"},"primaryImageOfPage":{"@id":"https:\/\/www.upstairsjazz.com\/fr\/events\/jacob-wutzke-quintet\/#primaryimage"},"image":{"@id":"https:\/\/www.upstairsjazz.com\/fr\/events\/jacob-wutzke-quintet\/#primaryimage"},"thumbnailUrl":"https:\/\/www.upstairsjazz.com\/wp-content\/uploads\/2023\/09\/jacob-lukas.png","datePublished":"2023-09-01T22:25:37+00:00","dateModified":"2024-01-17T15:51:14+00:00","breadcrumb":{"@id":"https:\/\/www.upstairsjazz.com\/fr\/events\/jacob-wutzke-quintet\/#breadcrumb"},"inLanguage":"fr-FR","potentialAction":[{"@type":"ReadAction","target":["https:\/\/www.upstairsjazz.com\/fr\/events\/jacob-wutzke-quintet\/"]}]},{"@type":"ImageObject","inLanguage":"fr-FR","@id":"https:\/\/www.upstairsjazz.com\/fr\/events\/jacob-wutzke-quintet\/#primaryimage","url":"https:\/\/www.upstairsjazz.com\/wp-content\/uploads\/2023\/09\/jacob-lukas.png","contentUrl":"https:\/\/www.upstairsjazz.com\/wp-content\/uploads\/2023\/09\/jacob-lukas.png","width":2400,"height":1800},{"@type":"BreadcrumbList","@id":"https:\/\/www.upstairsjazz.com\/fr\/events\/jacob-wutzke-quintet\/#breadcrumb","itemListElement":[{"@type":"ListItem","position":1,"name":"Home","item":"https:\/\/www.upstairsjazz.com\/fr\/accueil-fr-test\/"},{"@type":"ListItem","position":2,"name":"Events","item":"https:\/\/www.upstairsjazz.com\/events\/"},{"@type":"ListItem","position":3,"name":"Jacob Wutzke &#038; Lucas Dubovik Duo"}]},{"@type":"WebSite","@id":"https:\/\/www.upstairsjazz.com\/fr\/#website","url":"https:\/\/www.upstairsjazz.com\/fr\/","name":"Upstairs Jazz Club","description":"Upstairs jazz club, Montreal Canada","publisher":{"@id":"https:\/\/www.upstairsjazz.com\/fr\/#organization"},"potentialAction":[{"@type":"SearchAction","target":{"@type":"EntryPoint","urlTemplate":"https:\/\/www.upstairsjazz.com\/fr\/?s={search_term_string}"},"query-input":{"@type":"PropertyValueSpecification","valueRequired":true,"valueName":"search_term_string"}}],"inLanguage":"fr-FR"},{"@type":"Organization","@id":"https:\/\/www.upstairsjazz.com\/fr\/#organization","name":"Upstairs Jazz Bar & Grill","url":"https:\/\/www.upstairsjazz.com\/fr\/","logo":{"@type":"ImageObject","inLanguage":"fr-FR","@id":"https:\/\/www.upstairsjazz.com\/fr\/#\/schema\/logo\/image\/","url":"https:\/\/www.upstairsjazz.com\/wp-content\/uploads\/2020\/07\/upstairs-jazz-burger-1.jpg","contentUrl":"https:\/\/www.upstairsjazz.com\/wp-content\/uploads\/2020\/07\/upstairs-jazz-burger-1.jpg","width":1490,"height":993,"caption":"Upstairs Jazz Bar & Grill"},"image":{"@id":"https:\/\/www.upstairsjazz.com\/fr\/#\/schema\/logo\/image\/"},"sameAs":["https:\/\/www.facebook.com\/upstairsjazz","https:\/\/x.com\/Upstairsjazz","https:\/\/www.instagram.com\/upstairsjazz"]}]}},"_links":{"self":[{"href":"https:\/\/www.upstairsjazz.com\/fr\/wp-json\/wp\/v2\/ajde_events\/3738","targetHints":{"allow":["GET"]}}],"collection":[{"href":"https:\/\/www.upstairsjazz.com\/fr\/wp-json\/wp\/v2\/ajde_events"}],"about":[{"href":"https:\/\/www.upstairsjazz.com\/fr\/wp-json\/wp\/v2\/types\/ajde_events"}],"author":[{"embeddable":true,"href":"https:\/\/www.upstairsjazz.com\/fr\/wp-json\/wp\/v2\/users\/3"}],"replies":[{"embeddable":true,"href":"https:\/\/www.upstairsjazz.com\/fr\/wp-json\/wp\/v2\/comments?post=3738"}],"wp:featuredmedia":[{"embeddable":true,"href":"https:\/\/www.upstairsjazz.com\/fr\/wp-json\/wp\/v2\/media\/4891"}],"wp:attachment":[{"href":"https:\/\/www.upstairsjazz.com\/fr\/wp-json\/wp\/v2\/media?parent=3738"}],"wp:term":[{"taxonomy":"post_tag","embeddable":true,"href":"https:\/\/www.upstairsjazz.com\/fr\/wp-json\/wp\/v2\/tags?post=3738"},{"taxonomy":"event_type","embeddable":true,"href":"https:\/\/www.upstairsjazz.com\/fr\/wp-json\/wp\/v2\/event_type?post=3738"},{"taxonomy":"event_type_2","embeddable":true,"href":"https:\/\/www.upstairsjazz.com\/fr\/wp-json\/wp\/v2\/event_type_2?post=3738"}],"curies":[{"name":"wp","href":"https:\/\/api.w.org\/{rel}","templated":true}]}}

<p>Le batteur montréalais Jacob Wutzke et le saxophoniste ténor Lucas Dubovik forment un duo de jazz dynamique, jouant des arrangements astucieux de standards de jazz classiques ainsi que du matériel original. Le duo entretient une connexion musicale remarquable qui peut être ressentie et appréciée par les fans de jazz les plus exigeants ainsi que par les novices du jazz. Le format inhabituel du duo composé uniquement de batterie et de saxophone ténor laisse beaucoup d&rsquo;espace à l&rsquo;improvisation et à la communication au sein des compositions, faisant de chaque performance une expérience passionnante et unique.</p>
<p>Le premier projet de Wutzke/Dubovik &#8212; un album audiovisuel intitulé « Take it in Stride » &#8212; sortira en février 2024 avec une tournée en Ontario et au Québec. Pour la biographie complète, les dates de tournée et plus encore, veuillez visiter jacobwutzke.com</p>
<p>Les musiciens:<br />
Jacob Wutzke (batterie)<br />
Lucas Dubovik (saxophone ténor)</p>
<p><span style="color: #dd3333;"><strong><a style="color: #dd3333;" href="https://youtu.be/XZQZdWXaVEQ?si=uzcDoTflHJKK_EJR" target="_blank" rel="noopener">Youtube video: « Jacob Wutzke Quartet plays Alias Buster Henry »</a></strong></span></p>
<p><iframe loading="lazy" title="Jacob Wutzke Quartet plays Alias Buster Henry" width="1080" height="608" src="https://www.youtube.com/embed/XZQZdWXaVEQ?feature=oembed" frameborder="0" allow="accelerometer; autoplay; clipboard-write; encrypted-media; gyroscope; picture-in-picture; web-share" allowfullscreen></iframe></p>

<!-- This site is optimized with the Yoast SEO Premium plugin v20.8 (Yoast SEO v27.5) - https://yoast.com/product/yoast-seo-premium-wordpress/ -->
<title>Jacob Wutzke &amp; Lucas Dubovik Duo - Upstairs Jazz</title>
<meta name="robots" content="index, follow, max-snippet:-1, max-image-preview:large, max-video-preview:-1" />
<link rel="canonical" href="https://www.upstairsjazz.com/fr/events/jacob-wutzke-quintet/" />
<meta property="og:locale" content="fr_FR" />
<meta property="og:type" content="article" />
<meta property="og:title" content="Jacob Wutzke &amp; Lucas Dubovik Duo" />
<meta property="og:description" content="Le batteur montréalais Jacob Wutzke et le saxophoniste ténor Lucas Dubovik forment un duo de jazz dynamique, jouant des arrangements astucieux de standards de jazz classiques ainsi que du matériel..." />
<meta property="og:url" content="https://www.upstairsjazz.com/fr/events/jacob-wutzke-quintet/" />
<meta property="og:site_name" content="Upstairs Jazz" />
<meta property="article:publisher" content="https://www.facebook.com/upstairsjazz" />
<meta property="article:modified_time" content="2024-01-17T15:51:14+00:00" />
<meta property="og:image" content="https://www.upstairsjazz.com/wp-content/uploads/2023/09/jacob-lukas-1024x768.png" />
	<meta property="og:image:width" content="1024" />
	<meta property="og:image:height" content="768" />
	<meta property="og:image:type" content="image/png" />
<meta name="twitter:card" content="summary_large_image" />
<meta name="twitter:site" content="@Upstairsjazz" />
<meta name="twitter:label1" content="Durée de lecture estimée" />
	<meta name="twitter:data1" content="1 minute" />
<script type="application/ld+json" class="yoast-schema-graph">{"@context":"https:\/\/schema.org","@graph":[{"@type":"WebPage","@id":"https:\/\/www.upstairsjazz.com\/fr\/events\/jacob-wutzke-quintet\/","url":"https:\/\/www.upstairsjazz.com\/fr\/events\/jacob-wutzke-quintet\/","name":"Jacob Wutzke & Lucas Dubovik Duo - Upstairs Jazz","isPartOf":{"@id":"https:\/\/www.upstairsjazz.com\/fr\/#website"},"primaryImageOfPage":{"@id":"https:\/\/www.upstairsjazz.com\/fr\/events\/jacob-wutzke-quintet\/#primaryimage"},"image":{"@id":"https:\/\/www.upstairsjazz.com\/fr\/events\/jacob-wutzke-quintet\/#primaryimage"},"thumbnailUrl":"https:\/\/www.upstairsjazz.com\/wp-content\/uploads\/2023\/09\/jacob-lukas.png","datePublished":"2023-09-01T22:25:37+00:00","dateModified":"2024-01-17T15:51:14+00:00","breadcrumb":{"@id":"https:\/\/www.upstairsjazz.com\/fr\/events\/jacob-wutzke-quintet\/#breadcrumb"},"inLanguage":"fr-FR","potentialAction":[{"@type":"ReadAction","target":["https:\/\/www.upstairsjazz.com\/fr\/events\/jacob-wutzke-quintet\/"]}]},{"@type":"ImageObject","inLanguage":"fr-FR","@id":"https:\/\/www.upstairsjazz.com\/fr\/events\/jacob-wutzke-quintet\/#primaryimage","url":"https:\/\/www.upstairsjazz.com\/wp-content\/uploads\/2023\/09\/jacob-lukas.png","contentUrl":"https:\/\/www.upstairsjazz.com\/wp-content\/uploads\/2023\/09\/jacob-lukas.png","width":2400,"height":1800},{"@type":"BreadcrumbList","@id":"https:\/\/www.upstairsjazz.com\/fr\/events\/jacob-wutzke-quintet\/#breadcrumb","itemListElement":[{"@type":"ListItem","position":1,"name":"Home","item":"https:\/\/www.upstairsjazz.com\/fr\/accueil-fr-test\/"},{"@type":"ListItem","position":2,"name":"Events","item":"https:\/\/www.upstairsjazz.com\/events\/"},{"@type":"ListItem","position":3,"name":"Jacob Wutzke &#038; Lucas Dubovik Duo"}]},{"@type":"WebSite","@id":"https:\/\/www.upstairsjazz.com\/fr\/#website","url":"https:\/\/www.upstairsjazz.com\/fr\/","name":"Upstairs Jazz Club","description":"Upstairs jazz club, Montreal Canada","publisher":{"@id":"https:\/\/www.upstairsjazz.com\/fr\/#organization"},"potentialAction":[{"@type":"SearchAction","target":{"@type":"EntryPoint","urlTemplate":"https:\/\/www.upstairsjazz.com\/fr\/?s={search_term_string}"},"query-input":{"@type":"PropertyValueSpecification","valueRequired":true,"valueName":"search_term_string"}}],"inLanguage":"fr-FR"},{"@type":"Organization","@id":"https:\/\/www.upstairsjazz.com\/fr\/#organization","name":"Upstairs Jazz Bar & Grill","url":"https:\/\/www.upstairsjazz.com\/fr\/","logo":{"@type":"ImageObject","inLanguage":"fr-FR","@id":"https:\/\/www.upstairsjazz.com\/fr\/#\/schema\/logo\/image\/","url":"https:\/\/www.upstairsjazz.com\/wp-content\/uploads\/2020\/07\/upstairs-jazz-burger-1.jpg","contentUrl":"https:\/\/www.upstairsjazz.com\/wp-content\/uploads\/2020\/07\/upstairs-jazz-burger-1.jpg","width":1490,"height":993,"caption":"Upstairs Jazz Bar & Grill"},"image":{"@id":"https:\/\/www.upstairsjazz.com\/fr\/#\/schema\/logo\/image\/"},"sameAs":["https:\/\/www.facebook.com\/upstairsjazz","https:\/\/x.com\/Upstairsjazz","https:\/\/www.instagram.com\/upstairsjazz"]}]}</script>
<!-- / Yoast SEO Premium plugin. -->

Le batteur montréalais Jacob Wutzke et le saxophoniste ténor Lucas Dubovik forment un duo de jazz dynamique, jouant des arrangements astucieux de standards de jazz classiques ainsi que du matériel...
