{"id":4684,"date":"2023-09-26T09:44:19","date_gmt":"2023-09-26T14:44:19","guid":{"rendered":"https:\/\/www.upstairsjazz.com\/?post_type=ajde_events&#038;p=4684"},"modified":"2023-09-26T09:44:19","modified_gmt":"2023-09-26T14:44:19","slug":"loff-festival-de-jazzmathieu-soucy","status":"publish","type":"ajde_events","link":"https:\/\/www.upstairsjazz.com\/fr\/events\/loff-festival-de-jazzmathieu-soucy\/","title":{"rendered":"L&rsquo;OFF FESTIVAL DE JAZZ:<br>MATHIEU SOUCY"},"content":{"rendered":"<p>Mathieu Soucy est un compositeur de jazz montr\u00e9alais et fin interpr\u00e8te, dont la marque premi\u00e8re est le swing.<\/p>\n<p>Son premier album intitul\u00e9 Recollecting, lanc\u00e9 en novembre 2022, pr\u00e9sentait une toute nouvelle musique n\u00e9o-bop rafra\u00eechissante et bondissante en plus de mettre en vedette des voix phares de la rel\u00e8ve jazz canadienne, dont Caity Gyorgy, deux fois r\u00e9cipiendaire du prix Juno pour l\u2019album jazz vocal de l\u2019ann\u00e9e.<\/p>\n<p>\u00c0 l\u2019aube de l\u2019enregistrement de son deuxi\u00e8me album, la formation vous pr\u00e9pare une soir\u00e9e \u00e0 ne pas manquer.<\/p>\n<p>Mathieu Soucy &#8211; composition, guitare<br \/>\nTaurey Butler &#8211; piano<br \/>\nMike de Masi &#8211; contrebasse<br \/>\nVal\u00e9rie Lacombe &#8211; batterie<\/p>\n<p><span style=\"color: #dd3333;\"><strong><a style=\"color: #dd3333;\" href=\"https:\/\/youtu.be\/NCZk2HiRaYc?si=jOX1j70rS2n3wXGY\" target=\"_blank\" rel=\"noopener\">Youtube video: \u00ab\u00a0Mike&rsquo;s Mudra\u00a0\u00bb<\/a><\/strong><\/span><\/p>\n<p><iframe loading=\"lazy\" title=\"Mike&#039;s Mudra\" width=\"1080\" height=\"810\" src=\"https:\/\/www.youtube.com\/embed\/NCZk2HiRaYc?feature=oembed\" frameborder=\"0\" allow=\"accelerometer; autoplay; clipboard-write; encrypted-media; gyroscope; picture-in-picture; web-share\" allowfullscreen><\/iframe><\/p>\n","protected":false},"author":3,"featured_media":4683,"menu_order":0,"comment_status":"open","ping_status":"closed","template":"","meta":[],"tags":[],"event_type":[],"event_type_2":[],"class_list":["post-4684","ajde_events","type-ajde_events","status-publish","has-post-thumbnail"],"yoast_head":"<!-- This site is optimized with the Yoast SEO Premium plugin v20.8 (Yoast SEO v27.5) - https:\/\/yoast.com\/product\/yoast-seo-premium-wordpress\/ -->\n<title>L&#039;OFF FESTIVAL DE JAZZ:MATHIEU SOUCY - Upstairs Jazz<\/title>\n<meta name=\"robots\" content=\"index, follow, max-snippet:-1, max-image-preview:large, max-video-preview:-1\" \/>\n<link rel=\"canonical\" href=\"https:\/\/www.upstairsjazz.com\/fr\/events\/loff-festival-de-jazzmathieu-soucy\/\" \/>\n<meta property=\"og:locale\" content=\"fr_FR\" \/>\n<meta property=\"og:type\" content=\"article\" \/>\n<meta property=\"og:title\" content=\"L&#039;OFF FESTIVAL DE JAZZ:MATHIEU SOUCY\" \/>\n<meta property=\"og:description\" content=\"Mathieu Soucy est un compositeur de jazz montr\u00e9alais et fin interpr\u00e8te, dont la marque premi\u00e8re est le swing. Son premier album intitul\u00e9 Recollecting, lanc\u00e9 en novembre 2022, pr\u00e9sentait une toute...\" \/>\n<meta property=\"og:url\" content=\"https:\/\/www.upstairsjazz.com\/fr\/events\/loff-festival-de-jazzmathieu-soucy\/\" \/>\n<meta property=\"og:site_name\" content=\"Upstairs Jazz\" \/>\n<meta property=\"article:publisher\" content=\"https:\/\/www.facebook.com\/upstairsjazz\" \/>\n<meta property=\"og:image\" content=\"https:\/\/www.upstairsjazz.com\/wp-content\/uploads\/2023\/09\/mathieu-soucy.jpg\" \/>\n\t<meta property=\"og:image:width\" content=\"1000\" \/>\n\t<meta property=\"og:image:height\" content=\"1322\" \/>\n\t<meta property=\"og:image:type\" content=\"image\/jpeg\" \/>\n<meta name=\"twitter:card\" content=\"summary_large_image\" \/>\n<meta name=\"twitter:site\" content=\"@Upstairsjazz\" \/>\n<script type=\"application\/ld+json\" class=\"yoast-schema-graph\">{\"@context\":\"https:\\\/\\\/schema.org\",\"@graph\":[{\"@type\":\"WebPage\",\"@id\":\"https:\\\/\\\/www.upstairsjazz.com\\\/fr\\\/events\\\/loff-festival-de-jazzmathieu-soucy\\\/\",\"url\":\"https:\\\/\\\/www.upstairsjazz.com\\\/fr\\\/events\\\/loff-festival-de-jazzmathieu-soucy\\\/\",\"name\":\"L'OFF FESTIVAL DE JAZZ: MATHIEU SOUCY - Upstairs Jazz\",\"isPartOf\":{\"@id\":\"https:\\\/\\\/www.upstairsjazz.com\\\/fr\\\/#website\"},\"primaryImageOfPage\":{\"@id\":\"https:\\\/\\\/www.upstairsjazz.com\\\/fr\\\/events\\\/loff-festival-de-jazzmathieu-soucy\\\/#primaryimage\"},\"image\":{\"@id\":\"https:\\\/\\\/www.upstairsjazz.com\\\/fr\\\/events\\\/loff-festival-de-jazzmathieu-soucy\\\/#primaryimage\"},\"thumbnailUrl\":\"https:\\\/\\\/www.upstairsjazz.com\\\/wp-content\\\/uploads\\\/2023\\\/09\\\/mathieu-soucy.jpg\",\"datePublished\":\"2023-09-26T14:44:19+00:00\",\"breadcrumb\":{\"@id\":\"https:\\\/\\\/www.upstairsjazz.com\\\/fr\\\/events\\\/loff-festival-de-jazzmathieu-soucy\\\/#breadcrumb\"},\"inLanguage\":\"fr-FR\",\"potentialAction\":[{\"@type\":\"ReadAction\",\"target\":[\"https:\\\/\\\/www.upstairsjazz.com\\\/fr\\\/events\\\/loff-festival-de-jazzmathieu-soucy\\\/\"]}]},{\"@type\":\"ImageObject\",\"inLanguage\":\"fr-FR\",\"@id\":\"https:\\\/\\\/www.upstairsjazz.com\\\/fr\\\/events\\\/loff-festival-de-jazzmathieu-soucy\\\/#primaryimage\",\"url\":\"https:\\\/\\\/www.upstairsjazz.com\\\/wp-content\\\/uploads\\\/2023\\\/09\\\/mathieu-soucy.jpg\",\"contentUrl\":\"https:\\\/\\\/www.upstairsjazz.com\\\/wp-content\\\/uploads\\\/2023\\\/09\\\/mathieu-soucy.jpg\",\"width\":1000,\"height\":1322},{\"@type\":\"BreadcrumbList\",\"@id\":\"https:\\\/\\\/www.upstairsjazz.com\\\/fr\\\/events\\\/loff-festival-de-jazzmathieu-soucy\\\/#breadcrumb\",\"itemListElement\":[{\"@type\":\"ListItem\",\"position\":1,\"name\":\"Home\",\"item\":\"https:\\\/\\\/www.upstairsjazz.com\\\/fr\\\/accueil-fr-test\\\/\"},{\"@type\":\"ListItem\",\"position\":2,\"name\":\"Events\",\"item\":\"https:\\\/\\\/www.upstairsjazz.com\\\/events\\\/\"},{\"@type\":\"ListItem\",\"position\":3,\"name\":\"L&#8217;OFF FESTIVAL DE JAZZ:MATHIEU SOUCY\"}]},{\"@type\":\"WebSite\",\"@id\":\"https:\\\/\\\/www.upstairsjazz.com\\\/fr\\\/#website\",\"url\":\"https:\\\/\\\/www.upstairsjazz.com\\\/fr\\\/\",\"name\":\"Upstairs Jazz Club\",\"description\":\"Upstairs jazz club, Montreal Canada\",\"publisher\":{\"@id\":\"https:\\\/\\\/www.upstairsjazz.com\\\/fr\\\/#organization\"},\"potentialAction\":[{\"@type\":\"SearchAction\",\"target\":{\"@type\":\"EntryPoint\",\"urlTemplate\":\"https:\\\/\\\/www.upstairsjazz.com\\\/fr\\\/?s={search_term_string}\"},\"query-input\":{\"@type\":\"PropertyValueSpecification\",\"valueRequired\":true,\"valueName\":\"search_term_string\"}}],\"inLanguage\":\"fr-FR\"},{\"@type\":\"Organization\",\"@id\":\"https:\\\/\\\/www.upstairsjazz.com\\\/fr\\\/#organization\",\"name\":\"Upstairs Jazz Bar & Grill\",\"url\":\"https:\\\/\\\/www.upstairsjazz.com\\\/fr\\\/\",\"logo\":{\"@type\":\"ImageObject\",\"inLanguage\":\"fr-FR\",\"@id\":\"https:\\\/\\\/www.upstairsjazz.com\\\/fr\\\/#\\\/schema\\\/logo\\\/image\\\/\",\"url\":\"https:\\\/\\\/www.upstairsjazz.com\\\/wp-content\\\/uploads\\\/2020\\\/07\\\/upstairs-jazz-burger-1.jpg\",\"contentUrl\":\"https:\\\/\\\/www.upstairsjazz.com\\\/wp-content\\\/uploads\\\/2020\\\/07\\\/upstairs-jazz-burger-1.jpg\",\"width\":1490,\"height\":993,\"caption\":\"Upstairs Jazz Bar & Grill\"},\"image\":{\"@id\":\"https:\\\/\\\/www.upstairsjazz.com\\\/fr\\\/#\\\/schema\\\/logo\\\/image\\\/\"},\"sameAs\":[\"https:\\\/\\\/www.facebook.com\\\/upstairsjazz\",\"https:\\\/\\\/x.com\\\/Upstairsjazz\",\"https:\\\/\\\/www.instagram.com\\\/upstairsjazz\"]}]}<\/script>\n<!-- \/ Yoast SEO Premium plugin. -->","yoast_head_json":{"title":"L'OFF FESTIVAL DE JAZZ:MATHIEU SOUCY - Upstairs Jazz","robots":{"index":"index","follow":"follow","max-snippet":"max-snippet:-1","max-image-preview":"max-image-preview:large","max-video-preview":"max-video-preview:-1"},"canonical":"https:\/\/www.upstairsjazz.com\/fr\/events\/loff-festival-de-jazzmathieu-soucy\/","og_locale":"fr_FR","og_type":"article","og_title":"L'OFF FESTIVAL DE JAZZ:MATHIEU SOUCY","og_description":"Mathieu Soucy est un compositeur de jazz montr\u00e9alais et fin interpr\u00e8te, dont la marque premi\u00e8re est le swing. Son premier album intitul\u00e9 Recollecting, lanc\u00e9 en novembre 2022, pr\u00e9sentait une toute...","og_url":"https:\/\/www.upstairsjazz.com\/fr\/events\/loff-festival-de-jazzmathieu-soucy\/","og_site_name":"Upstairs Jazz","article_publisher":"https:\/\/www.facebook.com\/upstairsjazz","og_image":[{"width":1000,"height":1322,"url":"https:\/\/www.upstairsjazz.com\/wp-content\/uploads\/2023\/09\/mathieu-soucy.jpg","type":"image\/jpeg"}],"twitter_card":"summary_large_image","twitter_site":"@Upstairsjazz","schema":{"@context":"https:\/\/schema.org","@graph":[{"@type":"WebPage","@id":"https:\/\/www.upstairsjazz.com\/fr\/events\/loff-festival-de-jazzmathieu-soucy\/","url":"https:\/\/www.upstairsjazz.com\/fr\/events\/loff-festival-de-jazzmathieu-soucy\/","name":"L'OFF FESTIVAL DE JAZZ: MATHIEU SOUCY - Upstairs Jazz","isPartOf":{"@id":"https:\/\/www.upstairsjazz.com\/fr\/#website"},"primaryImageOfPage":{"@id":"https:\/\/www.upstairsjazz.com\/fr\/events\/loff-festival-de-jazzmathieu-soucy\/#primaryimage"},"image":{"@id":"https:\/\/www.upstairsjazz.com\/fr\/events\/loff-festival-de-jazzmathieu-soucy\/#primaryimage"},"thumbnailUrl":"https:\/\/www.upstairsjazz.com\/wp-content\/uploads\/2023\/09\/mathieu-soucy.jpg","datePublished":"2023-09-26T14:44:19+00:00","breadcrumb":{"@id":"https:\/\/www.upstairsjazz.com\/fr\/events\/loff-festival-de-jazzmathieu-soucy\/#breadcrumb"},"inLanguage":"fr-FR","potentialAction":[{"@type":"ReadAction","target":["https:\/\/www.upstairsjazz.com\/fr\/events\/loff-festival-de-jazzmathieu-soucy\/"]}]},{"@type":"ImageObject","inLanguage":"fr-FR","@id":"https:\/\/www.upstairsjazz.com\/fr\/events\/loff-festival-de-jazzmathieu-soucy\/#primaryimage","url":"https:\/\/www.upstairsjazz.com\/wp-content\/uploads\/2023\/09\/mathieu-soucy.jpg","contentUrl":"https:\/\/www.upstairsjazz.com\/wp-content\/uploads\/2023\/09\/mathieu-soucy.jpg","width":1000,"height":1322},{"@type":"BreadcrumbList","@id":"https:\/\/www.upstairsjazz.com\/fr\/events\/loff-festival-de-jazzmathieu-soucy\/#breadcrumb","itemListElement":[{"@type":"ListItem","position":1,"name":"Home","item":"https:\/\/www.upstairsjazz.com\/fr\/accueil-fr-test\/"},{"@type":"ListItem","position":2,"name":"Events","item":"https:\/\/www.upstairsjazz.com\/events\/"},{"@type":"ListItem","position":3,"name":"L&#8217;OFF FESTIVAL DE JAZZ:MATHIEU SOUCY"}]},{"@type":"WebSite","@id":"https:\/\/www.upstairsjazz.com\/fr\/#website","url":"https:\/\/www.upstairsjazz.com\/fr\/","name":"Upstairs Jazz Club","description":"Upstairs jazz club, Montreal Canada","publisher":{"@id":"https:\/\/www.upstairsjazz.com\/fr\/#organization"},"potentialAction":[{"@type":"SearchAction","target":{"@type":"EntryPoint","urlTemplate":"https:\/\/www.upstairsjazz.com\/fr\/?s={search_term_string}"},"query-input":{"@type":"PropertyValueSpecification","valueRequired":true,"valueName":"search_term_string"}}],"inLanguage":"fr-FR"},{"@type":"Organization","@id":"https:\/\/www.upstairsjazz.com\/fr\/#organization","name":"Upstairs Jazz Bar & Grill","url":"https:\/\/www.upstairsjazz.com\/fr\/","logo":{"@type":"ImageObject","inLanguage":"fr-FR","@id":"https:\/\/www.upstairsjazz.com\/fr\/#\/schema\/logo\/image\/","url":"https:\/\/www.upstairsjazz.com\/wp-content\/uploads\/2020\/07\/upstairs-jazz-burger-1.jpg","contentUrl":"https:\/\/www.upstairsjazz.com\/wp-content\/uploads\/2020\/07\/upstairs-jazz-burger-1.jpg","width":1490,"height":993,"caption":"Upstairs Jazz Bar & Grill"},"image":{"@id":"https:\/\/www.upstairsjazz.com\/fr\/#\/schema\/logo\/image\/"},"sameAs":["https:\/\/www.facebook.com\/upstairsjazz","https:\/\/x.com\/Upstairsjazz","https:\/\/www.instagram.com\/upstairsjazz"]}]}},"_links":{"self":[{"href":"https:\/\/www.upstairsjazz.com\/fr\/wp-json\/wp\/v2\/ajde_events\/4684","targetHints":{"allow":["GET"]}}],"collection":[{"href":"https:\/\/www.upstairsjazz.com\/fr\/wp-json\/wp\/v2\/ajde_events"}],"about":[{"href":"https:\/\/www.upstairsjazz.com\/fr\/wp-json\/wp\/v2\/types\/ajde_events"}],"author":[{"embeddable":true,"href":"https:\/\/www.upstairsjazz.com\/fr\/wp-json\/wp\/v2\/users\/3"}],"replies":[{"embeddable":true,"href":"https:\/\/www.upstairsjazz.com\/fr\/wp-json\/wp\/v2\/comments?post=4684"}],"wp:featuredmedia":[{"embeddable":true,"href":"https:\/\/www.upstairsjazz.com\/fr\/wp-json\/wp\/v2\/media\/4683"}],"wp:attachment":[{"href":"https:\/\/www.upstairsjazz.com\/fr\/wp-json\/wp\/v2\/media?parent=4684"}],"wp:term":[{"taxonomy":"post_tag","embeddable":true,"href":"https:\/\/www.upstairsjazz.com\/fr\/wp-json\/wp\/v2\/tags?post=4684"},{"taxonomy":"event_type","embeddable":true,"href":"https:\/\/www.upstairsjazz.com\/fr\/wp-json\/wp\/v2\/event_type?post=4684"},{"taxonomy":"event_type_2","embeddable":true,"href":"https:\/\/www.upstairsjazz.com\/fr\/wp-json\/wp\/v2\/event_type_2?post=4684"}],"curies":[{"name":"wp","href":"https:\/\/api.w.org\/{rel}","templated":true}]}}

<p>Mathieu Soucy est un compositeur de jazz montréalais et fin interprète, dont la marque première est le swing.</p>
<p>Son premier album intitulé Recollecting, lancé en novembre 2022, présentait une toute nouvelle musique néo-bop rafraîchissante et bondissante en plus de mettre en vedette des voix phares de la relève jazz canadienne, dont Caity Gyorgy, deux fois récipiendaire du prix Juno pour l’album jazz vocal de l’année.</p>
<p>À l’aube de l’enregistrement de son deuxième album, la formation vous prépare une soirée à ne pas manquer.</p>
<p>Mathieu Soucy &#8211; composition, guitare<br />
Taurey Butler &#8211; piano<br />
Mike de Masi &#8211; contrebasse<br />
Valérie Lacombe &#8211; batterie</p>
<p><span style="color: #dd3333;"><strong><a style="color: #dd3333;" href="https://youtu.be/NCZk2HiRaYc?si=jOX1j70rS2n3wXGY" target="_blank" rel="noopener">Youtube video: « Mike&rsquo;s Mudra »</a></strong></span></p>
<p><iframe loading="lazy" title="Mike&#039;s Mudra" width="1080" height="810" src="https://www.youtube.com/embed/NCZk2HiRaYc?feature=oembed" frameborder="0" allow="accelerometer; autoplay; clipboard-write; encrypted-media; gyroscope; picture-in-picture; web-share" allowfullscreen></iframe></p>

<!-- This site is optimized with the Yoast SEO Premium plugin v20.8 (Yoast SEO v27.5) - https://yoast.com/product/yoast-seo-premium-wordpress/ -->
<title>L&#039;OFF FESTIVAL DE JAZZ:MATHIEU SOUCY - Upstairs Jazz</title>
<meta name="robots" content="index, follow, max-snippet:-1, max-image-preview:large, max-video-preview:-1" />
<link rel="canonical" href="https://www.upstairsjazz.com/fr/events/loff-festival-de-jazzmathieu-soucy/" />
<meta property="og:locale" content="fr_FR" />
<meta property="og:type" content="article" />
<meta property="og:title" content="L&#039;OFF FESTIVAL DE JAZZ:MATHIEU SOUCY" />
<meta property="og:description" content="Mathieu Soucy est un compositeur de jazz montréalais et fin interprète, dont la marque première est le swing. Son premier album intitulé Recollecting, lancé en novembre 2022, présentait une toute..." />
<meta property="og:url" content="https://www.upstairsjazz.com/fr/events/loff-festival-de-jazzmathieu-soucy/" />
<meta property="og:site_name" content="Upstairs Jazz" />
<meta property="article:publisher" content="https://www.facebook.com/upstairsjazz" />
<meta property="og:image" content="https://www.upstairsjazz.com/wp-content/uploads/2023/09/mathieu-soucy.jpg" />
	<meta property="og:image:width" content="1000" />
	<meta property="og:image:height" content="1322" />
	<meta property="og:image:type" content="image/jpeg" />
<meta name="twitter:card" content="summary_large_image" />
<meta name="twitter:site" content="@Upstairsjazz" />
<script type="application/ld+json" class="yoast-schema-graph">{"@context":"https:\/\/schema.org","@graph":[{"@type":"WebPage","@id":"https:\/\/www.upstairsjazz.com\/fr\/events\/loff-festival-de-jazzmathieu-soucy\/","url":"https:\/\/www.upstairsjazz.com\/fr\/events\/loff-festival-de-jazzmathieu-soucy\/","name":"L'OFF FESTIVAL DE JAZZ: MATHIEU SOUCY - Upstairs Jazz","isPartOf":{"@id":"https:\/\/www.upstairsjazz.com\/fr\/#website"},"primaryImageOfPage":{"@id":"https:\/\/www.upstairsjazz.com\/fr\/events\/loff-festival-de-jazzmathieu-soucy\/#primaryimage"},"image":{"@id":"https:\/\/www.upstairsjazz.com\/fr\/events\/loff-festival-de-jazzmathieu-soucy\/#primaryimage"},"thumbnailUrl":"https:\/\/www.upstairsjazz.com\/wp-content\/uploads\/2023\/09\/mathieu-soucy.jpg","datePublished":"2023-09-26T14:44:19+00:00","breadcrumb":{"@id":"https:\/\/www.upstairsjazz.com\/fr\/events\/loff-festival-de-jazzmathieu-soucy\/#breadcrumb"},"inLanguage":"fr-FR","potentialAction":[{"@type":"ReadAction","target":["https:\/\/www.upstairsjazz.com\/fr\/events\/loff-festival-de-jazzmathieu-soucy\/"]}]},{"@type":"ImageObject","inLanguage":"fr-FR","@id":"https:\/\/www.upstairsjazz.com\/fr\/events\/loff-festival-de-jazzmathieu-soucy\/#primaryimage","url":"https:\/\/www.upstairsjazz.com\/wp-content\/uploads\/2023\/09\/mathieu-soucy.jpg","contentUrl":"https:\/\/www.upstairsjazz.com\/wp-content\/uploads\/2023\/09\/mathieu-soucy.jpg","width":1000,"height":1322},{"@type":"BreadcrumbList","@id":"https:\/\/www.upstairsjazz.com\/fr\/events\/loff-festival-de-jazzmathieu-soucy\/#breadcrumb","itemListElement":[{"@type":"ListItem","position":1,"name":"Home","item":"https:\/\/www.upstairsjazz.com\/fr\/accueil-fr-test\/"},{"@type":"ListItem","position":2,"name":"Events","item":"https:\/\/www.upstairsjazz.com\/events\/"},{"@type":"ListItem","position":3,"name":"L&#8217;OFF FESTIVAL DE JAZZ:MATHIEU SOUCY"}]},{"@type":"WebSite","@id":"https:\/\/www.upstairsjazz.com\/fr\/#website","url":"https:\/\/www.upstairsjazz.com\/fr\/","name":"Upstairs Jazz Club","description":"Upstairs jazz club, Montreal Canada","publisher":{"@id":"https:\/\/www.upstairsjazz.com\/fr\/#organization"},"potentialAction":[{"@type":"SearchAction","target":{"@type":"EntryPoint","urlTemplate":"https:\/\/www.upstairsjazz.com\/fr\/?s={search_term_string}"},"query-input":{"@type":"PropertyValueSpecification","valueRequired":true,"valueName":"search_term_string"}}],"inLanguage":"fr-FR"},{"@type":"Organization","@id":"https:\/\/www.upstairsjazz.com\/fr\/#organization","name":"Upstairs Jazz Bar & Grill","url":"https:\/\/www.upstairsjazz.com\/fr\/","logo":{"@type":"ImageObject","inLanguage":"fr-FR","@id":"https:\/\/www.upstairsjazz.com\/fr\/#\/schema\/logo\/image\/","url":"https:\/\/www.upstairsjazz.com\/wp-content\/uploads\/2020\/07\/upstairs-jazz-burger-1.jpg","contentUrl":"https:\/\/www.upstairsjazz.com\/wp-content\/uploads\/2020\/07\/upstairs-jazz-burger-1.jpg","width":1490,"height":993,"caption":"Upstairs Jazz Bar & Grill"},"image":{"@id":"https:\/\/www.upstairsjazz.com\/fr\/#\/schema\/logo\/image\/"},"sameAs":["https:\/\/www.facebook.com\/upstairsjazz","https:\/\/x.com\/Upstairsjazz","https:\/\/www.instagram.com\/upstairsjazz"]}]}</script>
<!-- / Yoast SEO Premium plugin. -->

Mathieu Soucy est un compositeur de jazz montréalais et fin interprète, dont la marque première est le swing. Son premier album intitulé Recollecting, lancé en novembre 2022, présentait une toute...
