{"id":5842,"date":"2025-04-21T10:59:02","date_gmt":"2025-04-21T15:59:02","guid":{"rendered":"https:\/\/www.upstairsjazz.com\/?post_type=ajde_events&#038;p=5842"},"modified":"2025-04-21T10:59:02","modified_gmt":"2025-04-21T15:59:02","slug":"tenor-madness-with-the-elliott-kobelansky-trio","status":"publish","type":"ajde_events","link":"https:\/\/www.upstairsjazz.com\/fr\/events\/tenor-madness-with-the-elliott-kobelansky-trio\/","title":{"rendered":"Tenor Madness with The Elliott Kobelansky Trio"},"content":{"rendered":"<p>Le Trio Elliott Kobelansky est un trio de jazz montr\u00e9alais prometteur, influenc\u00e9 par des grands noms comme Oscar Peterson, Monty Alexander et Benny Green. Pour trois concerts, ils partageront la vedette avec deux saxophonistes t\u00e9nors, interpr\u00e9tant des classiques du r\u00e9pertoire pour deux t\u00e9nors ainsi que des compositions. Venez voir Shai Geballe, de New York, et Sam Bags, de Qualicum Beach, enflammer la sc\u00e8ne pour une soir\u00e9e de folie t\u00e9nor\u00a0!<\/p>\n<p>Shai Geballe &#8211; Saxophone t\u00e9nor<br \/>\nSam Bags &#8211; Saxophone t\u00e9nor<br \/>\nElliott Kobelansky &#8211; Piano<br \/>\nRomain St-Louis &#8211; Contrebasse<br \/>\nJaden Mavalwala &#8211; Batterie<\/p>\n<p><span style=\"color: #dd3333;\"><strong><a style=\"color: #dd3333;\" href=\"https:\/\/youtu.be\/bMFKp4iWkDg\" target=\"_blank\" rel=\"noopener\">Youtube video: \u00ab\u00a0Hey Lock!\u00a0\u00bb<\/a><\/strong><\/span><\/p>\n<p><iframe loading=\"lazy\" title=\"Hey Lock! Shai Geballe and Sam Bags w\/ the Elliott Kobelansky Trio\" width=\"1080\" height=\"608\" src=\"https:\/\/www.youtube.com\/embed\/bMFKp4iWkDg?feature=oembed\" frameborder=\"0\" allow=\"accelerometer; autoplay; clipboard-write; encrypted-media; gyroscope; picture-in-picture; web-share\" referrerpolicy=\"strict-origin-when-cross-origin\" allowfullscreen><\/iframe><\/p>\n","protected":false},"author":3,"featured_media":5841,"menu_order":0,"comment_status":"closed","ping_status":"closed","template":"","meta":[],"tags":[],"event_type":[],"event_type_2":[],"class_list":["post-5842","ajde_events","type-ajde_events","status-publish","has-post-thumbnail"],"yoast_head":"<!-- This site is optimized with the Yoast SEO Premium plugin v20.8 (Yoast SEO v27.5) - https:\/\/yoast.com\/product\/yoast-seo-premium-wordpress\/ -->\n<title>Tenor Madness with The Elliott Kobelansky Trio - Upstairs Jazz<\/title>\n<meta name=\"robots\" content=\"index, follow, max-snippet:-1, max-image-preview:large, max-video-preview:-1\" \/>\n<link rel=\"canonical\" href=\"https:\/\/www.upstairsjazz.com\/fr\/events\/tenor-madness-with-the-elliott-kobelansky-trio\/\" \/>\n<meta property=\"og:locale\" content=\"fr_FR\" \/>\n<meta property=\"og:type\" content=\"article\" \/>\n<meta property=\"og:title\" content=\"Tenor Madness with The Elliott Kobelansky Trio\" \/>\n<meta property=\"og:description\" content=\"Le Trio Elliott Kobelansky est un trio de jazz montr\u00e9alais prometteur, influenc\u00e9 par des grands noms comme Oscar Peterson, Monty Alexander et Benny Green. Pour trois concerts, ils partageront la...\" \/>\n<meta property=\"og:url\" content=\"https:\/\/www.upstairsjazz.com\/fr\/events\/tenor-madness-with-the-elliott-kobelansky-trio\/\" \/>\n<meta property=\"og:site_name\" content=\"Upstairs Jazz\" \/>\n<meta property=\"article:publisher\" content=\"https:\/\/www.facebook.com\/upstairsjazz\" \/>\n<meta property=\"og:image\" content=\"https:\/\/www.upstairsjazz.com\/wp-content\/uploads\/2025\/04\/tenor-madness.jpg\" \/>\n\t<meta property=\"og:image:width\" content=\"670\" \/>\n\t<meta property=\"og:image:height\" content=\"720\" \/>\n\t<meta property=\"og:image:type\" content=\"image\/jpeg\" \/>\n<meta name=\"twitter:card\" content=\"summary_large_image\" \/>\n<meta name=\"twitter:site\" content=\"@Upstairsjazz\" \/>\n<meta name=\"twitter:label1\" content=\"Dur\u00e9e de lecture estim\u00e9e\" \/>\n\t<meta name=\"twitter:data1\" content=\"1 minute\" \/>\n<script type=\"application\/ld+json\" class=\"yoast-schema-graph\">{\"@context\":\"https:\\\/\\\/schema.org\",\"@graph\":[{\"@type\":\"WebPage\",\"@id\":\"https:\\\/\\\/www.upstairsjazz.com\\\/fr\\\/events\\\/tenor-madness-with-the-elliott-kobelansky-trio\\\/\",\"url\":\"https:\\\/\\\/www.upstairsjazz.com\\\/fr\\\/events\\\/tenor-madness-with-the-elliott-kobelansky-trio\\\/\",\"name\":\"Tenor Madness with The Elliott Kobelansky Trio - Upstairs Jazz\",\"isPartOf\":{\"@id\":\"https:\\\/\\\/www.upstairsjazz.com\\\/fr\\\/#website\"},\"primaryImageOfPage\":{\"@id\":\"https:\\\/\\\/www.upstairsjazz.com\\\/fr\\\/events\\\/tenor-madness-with-the-elliott-kobelansky-trio\\\/#primaryimage\"},\"image\":{\"@id\":\"https:\\\/\\\/www.upstairsjazz.com\\\/fr\\\/events\\\/tenor-madness-with-the-elliott-kobelansky-trio\\\/#primaryimage\"},\"thumbnailUrl\":\"https:\\\/\\\/www.upstairsjazz.com\\\/wp-content\\\/uploads\\\/2025\\\/04\\\/tenor-madness.jpg\",\"datePublished\":\"2025-04-21T15:59:02+00:00\",\"breadcrumb\":{\"@id\":\"https:\\\/\\\/www.upstairsjazz.com\\\/fr\\\/events\\\/tenor-madness-with-the-elliott-kobelansky-trio\\\/#breadcrumb\"},\"inLanguage\":\"fr-FR\",\"potentialAction\":[{\"@type\":\"ReadAction\",\"target\":[\"https:\\\/\\\/www.upstairsjazz.com\\\/fr\\\/events\\\/tenor-madness-with-the-elliott-kobelansky-trio\\\/\"]}]},{\"@type\":\"ImageObject\",\"inLanguage\":\"fr-FR\",\"@id\":\"https:\\\/\\\/www.upstairsjazz.com\\\/fr\\\/events\\\/tenor-madness-with-the-elliott-kobelansky-trio\\\/#primaryimage\",\"url\":\"https:\\\/\\\/www.upstairsjazz.com\\\/wp-content\\\/uploads\\\/2025\\\/04\\\/tenor-madness.jpg\",\"contentUrl\":\"https:\\\/\\\/www.upstairsjazz.com\\\/wp-content\\\/uploads\\\/2025\\\/04\\\/tenor-madness.jpg\",\"width\":670,\"height\":720},{\"@type\":\"BreadcrumbList\",\"@id\":\"https:\\\/\\\/www.upstairsjazz.com\\\/fr\\\/events\\\/tenor-madness-with-the-elliott-kobelansky-trio\\\/#breadcrumb\",\"itemListElement\":[{\"@type\":\"ListItem\",\"position\":1,\"name\":\"Home\",\"item\":\"https:\\\/\\\/www.upstairsjazz.com\\\/fr\\\/accueil-fr-test\\\/\"},{\"@type\":\"ListItem\",\"position\":2,\"name\":\"Events\",\"item\":\"https:\\\/\\\/www.upstairsjazz.com\\\/events\\\/\"},{\"@type\":\"ListItem\",\"position\":3,\"name\":\"Tenor Madness with The Elliott Kobelansky Trio\"}]},{\"@type\":\"WebSite\",\"@id\":\"https:\\\/\\\/www.upstairsjazz.com\\\/fr\\\/#website\",\"url\":\"https:\\\/\\\/www.upstairsjazz.com\\\/fr\\\/\",\"name\":\"Upstairs Jazz Club\",\"description\":\"Upstairs jazz club, Montreal Canada\",\"publisher\":{\"@id\":\"https:\\\/\\\/www.upstairsjazz.com\\\/fr\\\/#organization\"},\"potentialAction\":[{\"@type\":\"SearchAction\",\"target\":{\"@type\":\"EntryPoint\",\"urlTemplate\":\"https:\\\/\\\/www.upstairsjazz.com\\\/fr\\\/?s={search_term_string}\"},\"query-input\":{\"@type\":\"PropertyValueSpecification\",\"valueRequired\":true,\"valueName\":\"search_term_string\"}}],\"inLanguage\":\"fr-FR\"},{\"@type\":\"Organization\",\"@id\":\"https:\\\/\\\/www.upstairsjazz.com\\\/fr\\\/#organization\",\"name\":\"Upstairs Jazz Bar & Grill\",\"url\":\"https:\\\/\\\/www.upstairsjazz.com\\\/fr\\\/\",\"logo\":{\"@type\":\"ImageObject\",\"inLanguage\":\"fr-FR\",\"@id\":\"https:\\\/\\\/www.upstairsjazz.com\\\/fr\\\/#\\\/schema\\\/logo\\\/image\\\/\",\"url\":\"https:\\\/\\\/www.upstairsjazz.com\\\/wp-content\\\/uploads\\\/2020\\\/07\\\/upstairs-jazz-burger-1.jpg\",\"contentUrl\":\"https:\\\/\\\/www.upstairsjazz.com\\\/wp-content\\\/uploads\\\/2020\\\/07\\\/upstairs-jazz-burger-1.jpg\",\"width\":1490,\"height\":993,\"caption\":\"Upstairs Jazz Bar & Grill\"},\"image\":{\"@id\":\"https:\\\/\\\/www.upstairsjazz.com\\\/fr\\\/#\\\/schema\\\/logo\\\/image\\\/\"},\"sameAs\":[\"https:\\\/\\\/www.facebook.com\\\/upstairsjazz\",\"https:\\\/\\\/x.com\\\/Upstairsjazz\",\"https:\\\/\\\/www.instagram.com\\\/upstairsjazz\"]}]}<\/script>\n<!-- \/ Yoast SEO Premium plugin. -->","yoast_head_json":{"title":"Tenor Madness with The Elliott Kobelansky Trio - Upstairs Jazz","robots":{"index":"index","follow":"follow","max-snippet":"max-snippet:-1","max-image-preview":"max-image-preview:large","max-video-preview":"max-video-preview:-1"},"canonical":"https:\/\/www.upstairsjazz.com\/fr\/events\/tenor-madness-with-the-elliott-kobelansky-trio\/","og_locale":"fr_FR","og_type":"article","og_title":"Tenor Madness with The Elliott Kobelansky Trio","og_description":"Le Trio Elliott Kobelansky est un trio de jazz montr\u00e9alais prometteur, influenc\u00e9 par des grands noms comme Oscar Peterson, Monty Alexander et Benny Green. Pour trois concerts, ils partageront la...","og_url":"https:\/\/www.upstairsjazz.com\/fr\/events\/tenor-madness-with-the-elliott-kobelansky-trio\/","og_site_name":"Upstairs Jazz","article_publisher":"https:\/\/www.facebook.com\/upstairsjazz","og_image":[{"width":670,"height":720,"url":"https:\/\/www.upstairsjazz.com\/wp-content\/uploads\/2025\/04\/tenor-madness.jpg","type":"image\/jpeg"}],"twitter_card":"summary_large_image","twitter_site":"@Upstairsjazz","twitter_misc":{"Dur\u00e9e de lecture estim\u00e9e":"1 minute"},"schema":{"@context":"https:\/\/schema.org","@graph":[{"@type":"WebPage","@id":"https:\/\/www.upstairsjazz.com\/fr\/events\/tenor-madness-with-the-elliott-kobelansky-trio\/","url":"https:\/\/www.upstairsjazz.com\/fr\/events\/tenor-madness-with-the-elliott-kobelansky-trio\/","name":"Tenor Madness with The Elliott Kobelansky Trio - Upstairs Jazz","isPartOf":{"@id":"https:\/\/www.upstairsjazz.com\/fr\/#website"},"primaryImageOfPage":{"@id":"https:\/\/www.upstairsjazz.com\/fr\/events\/tenor-madness-with-the-elliott-kobelansky-trio\/#primaryimage"},"image":{"@id":"https:\/\/www.upstairsjazz.com\/fr\/events\/tenor-madness-with-the-elliott-kobelansky-trio\/#primaryimage"},"thumbnailUrl":"https:\/\/www.upstairsjazz.com\/wp-content\/uploads\/2025\/04\/tenor-madness.jpg","datePublished":"2025-04-21T15:59:02+00:00","breadcrumb":{"@id":"https:\/\/www.upstairsjazz.com\/fr\/events\/tenor-madness-with-the-elliott-kobelansky-trio\/#breadcrumb"},"inLanguage":"fr-FR","potentialAction":[{"@type":"ReadAction","target":["https:\/\/www.upstairsjazz.com\/fr\/events\/tenor-madness-with-the-elliott-kobelansky-trio\/"]}]},{"@type":"ImageObject","inLanguage":"fr-FR","@id":"https:\/\/www.upstairsjazz.com\/fr\/events\/tenor-madness-with-the-elliott-kobelansky-trio\/#primaryimage","url":"https:\/\/www.upstairsjazz.com\/wp-content\/uploads\/2025\/04\/tenor-madness.jpg","contentUrl":"https:\/\/www.upstairsjazz.com\/wp-content\/uploads\/2025\/04\/tenor-madness.jpg","width":670,"height":720},{"@type":"BreadcrumbList","@id":"https:\/\/www.upstairsjazz.com\/fr\/events\/tenor-madness-with-the-elliott-kobelansky-trio\/#breadcrumb","itemListElement":[{"@type":"ListItem","position":1,"name":"Home","item":"https:\/\/www.upstairsjazz.com\/fr\/accueil-fr-test\/"},{"@type":"ListItem","position":2,"name":"Events","item":"https:\/\/www.upstairsjazz.com\/events\/"},{"@type":"ListItem","position":3,"name":"Tenor Madness with The Elliott Kobelansky Trio"}]},{"@type":"WebSite","@id":"https:\/\/www.upstairsjazz.com\/fr\/#website","url":"https:\/\/www.upstairsjazz.com\/fr\/","name":"Upstairs Jazz Club","description":"Upstairs jazz club, Montreal Canada","publisher":{"@id":"https:\/\/www.upstairsjazz.com\/fr\/#organization"},"potentialAction":[{"@type":"SearchAction","target":{"@type":"EntryPoint","urlTemplate":"https:\/\/www.upstairsjazz.com\/fr\/?s={search_term_string}"},"query-input":{"@type":"PropertyValueSpecification","valueRequired":true,"valueName":"search_term_string"}}],"inLanguage":"fr-FR"},{"@type":"Organization","@id":"https:\/\/www.upstairsjazz.com\/fr\/#organization","name":"Upstairs Jazz Bar & Grill","url":"https:\/\/www.upstairsjazz.com\/fr\/","logo":{"@type":"ImageObject","inLanguage":"fr-FR","@id":"https:\/\/www.upstairsjazz.com\/fr\/#\/schema\/logo\/image\/","url":"https:\/\/www.upstairsjazz.com\/wp-content\/uploads\/2020\/07\/upstairs-jazz-burger-1.jpg","contentUrl":"https:\/\/www.upstairsjazz.com\/wp-content\/uploads\/2020\/07\/upstairs-jazz-burger-1.jpg","width":1490,"height":993,"caption":"Upstairs Jazz Bar & Grill"},"image":{"@id":"https:\/\/www.upstairsjazz.com\/fr\/#\/schema\/logo\/image\/"},"sameAs":["https:\/\/www.facebook.com\/upstairsjazz","https:\/\/x.com\/Upstairsjazz","https:\/\/www.instagram.com\/upstairsjazz"]}]}},"_links":{"self":[{"href":"https:\/\/www.upstairsjazz.com\/fr\/wp-json\/wp\/v2\/ajde_events\/5842","targetHints":{"allow":["GET"]}}],"collection":[{"href":"https:\/\/www.upstairsjazz.com\/fr\/wp-json\/wp\/v2\/ajde_events"}],"about":[{"href":"https:\/\/www.upstairsjazz.com\/fr\/wp-json\/wp\/v2\/types\/ajde_events"}],"author":[{"embeddable":true,"href":"https:\/\/www.upstairsjazz.com\/fr\/wp-json\/wp\/v2\/users\/3"}],"replies":[{"embeddable":true,"href":"https:\/\/www.upstairsjazz.com\/fr\/wp-json\/wp\/v2\/comments?post=5842"}],"wp:featuredmedia":[{"embeddable":true,"href":"https:\/\/www.upstairsjazz.com\/fr\/wp-json\/wp\/v2\/media\/5841"}],"wp:attachment":[{"href":"https:\/\/www.upstairsjazz.com\/fr\/wp-json\/wp\/v2\/media?parent=5842"}],"wp:term":[{"taxonomy":"post_tag","embeddable":true,"href":"https:\/\/www.upstairsjazz.com\/fr\/wp-json\/wp\/v2\/tags?post=5842"},{"taxonomy":"event_type","embeddable":true,"href":"https:\/\/www.upstairsjazz.com\/fr\/wp-json\/wp\/v2\/event_type?post=5842"},{"taxonomy":"event_type_2","embeddable":true,"href":"https:\/\/www.upstairsjazz.com\/fr\/wp-json\/wp\/v2\/event_type_2?post=5842"}],"curies":[{"name":"wp","href":"https:\/\/api.w.org\/{rel}","templated":true}]}}

<p>Le Trio Elliott Kobelansky est un trio de jazz montréalais prometteur, influencé par des grands noms comme Oscar Peterson, Monty Alexander et Benny Green. Pour trois concerts, ils partageront la vedette avec deux saxophonistes ténors, interprétant des classiques du répertoire pour deux ténors ainsi que des compositions. Venez voir Shai Geballe, de New York, et Sam Bags, de Qualicum Beach, enflammer la scène pour une soirée de folie ténor !</p>
<p>Shai Geballe &#8211; Saxophone ténor<br />
Sam Bags &#8211; Saxophone ténor<br />
Elliott Kobelansky &#8211; Piano<br />
Romain St-Louis &#8211; Contrebasse<br />
Jaden Mavalwala &#8211; Batterie</p>
<p><span style="color: #dd3333;"><strong><a style="color: #dd3333;" href="https://youtu.be/bMFKp4iWkDg" target="_blank" rel="noopener">Youtube video: « Hey Lock! »</a></strong></span></p>
<p><iframe loading="lazy" title="Hey Lock! Shai Geballe and Sam Bags w/ the Elliott Kobelansky Trio" width="1080" height="608" src="https://www.youtube.com/embed/bMFKp4iWkDg?feature=oembed" frameborder="0" allow="accelerometer; autoplay; clipboard-write; encrypted-media; gyroscope; picture-in-picture; web-share" referrerpolicy="strict-origin-when-cross-origin" allowfullscreen></iframe></p>

<!-- This site is optimized with the Yoast SEO Premium plugin v20.8 (Yoast SEO v27.5) - https://yoast.com/product/yoast-seo-premium-wordpress/ -->
<title>Tenor Madness with The Elliott Kobelansky Trio - Upstairs Jazz</title>
<meta name="robots" content="index, follow, max-snippet:-1, max-image-preview:large, max-video-preview:-1" />
<link rel="canonical" href="https://www.upstairsjazz.com/fr/events/tenor-madness-with-the-elliott-kobelansky-trio/" />
<meta property="og:locale" content="fr_FR" />
<meta property="og:type" content="article" />
<meta property="og:title" content="Tenor Madness with The Elliott Kobelansky Trio" />
<meta property="og:description" content="Le Trio Elliott Kobelansky est un trio de jazz montréalais prometteur, influencé par des grands noms comme Oscar Peterson, Monty Alexander et Benny Green. Pour trois concerts, ils partageront la..." />
<meta property="og:url" content="https://www.upstairsjazz.com/fr/events/tenor-madness-with-the-elliott-kobelansky-trio/" />
<meta property="og:site_name" content="Upstairs Jazz" />
<meta property="article:publisher" content="https://www.facebook.com/upstairsjazz" />
<meta property="og:image" content="https://www.upstairsjazz.com/wp-content/uploads/2025/04/tenor-madness.jpg" />
	<meta property="og:image:width" content="670" />
	<meta property="og:image:height" content="720" />
	<meta property="og:image:type" content="image/jpeg" />
<meta name="twitter:card" content="summary_large_image" />
<meta name="twitter:site" content="@Upstairsjazz" />
<meta name="twitter:label1" content="Durée de lecture estimée" />
	<meta name="twitter:data1" content="1 minute" />
<script type="application/ld+json" class="yoast-schema-graph">{"@context":"https:\/\/schema.org","@graph":[{"@type":"WebPage","@id":"https:\/\/www.upstairsjazz.com\/fr\/events\/tenor-madness-with-the-elliott-kobelansky-trio\/","url":"https:\/\/www.upstairsjazz.com\/fr\/events\/tenor-madness-with-the-elliott-kobelansky-trio\/","name":"Tenor Madness with The Elliott Kobelansky Trio - Upstairs Jazz","isPartOf":{"@id":"https:\/\/www.upstairsjazz.com\/fr\/#website"},"primaryImageOfPage":{"@id":"https:\/\/www.upstairsjazz.com\/fr\/events\/tenor-madness-with-the-elliott-kobelansky-trio\/#primaryimage"},"image":{"@id":"https:\/\/www.upstairsjazz.com\/fr\/events\/tenor-madness-with-the-elliott-kobelansky-trio\/#primaryimage"},"thumbnailUrl":"https:\/\/www.upstairsjazz.com\/wp-content\/uploads\/2025\/04\/tenor-madness.jpg","datePublished":"2025-04-21T15:59:02+00:00","breadcrumb":{"@id":"https:\/\/www.upstairsjazz.com\/fr\/events\/tenor-madness-with-the-elliott-kobelansky-trio\/#breadcrumb"},"inLanguage":"fr-FR","potentialAction":[{"@type":"ReadAction","target":["https:\/\/www.upstairsjazz.com\/fr\/events\/tenor-madness-with-the-elliott-kobelansky-trio\/"]}]},{"@type":"ImageObject","inLanguage":"fr-FR","@id":"https:\/\/www.upstairsjazz.com\/fr\/events\/tenor-madness-with-the-elliott-kobelansky-trio\/#primaryimage","url":"https:\/\/www.upstairsjazz.com\/wp-content\/uploads\/2025\/04\/tenor-madness.jpg","contentUrl":"https:\/\/www.upstairsjazz.com\/wp-content\/uploads\/2025\/04\/tenor-madness.jpg","width":670,"height":720},{"@type":"BreadcrumbList","@id":"https:\/\/www.upstairsjazz.com\/fr\/events\/tenor-madness-with-the-elliott-kobelansky-trio\/#breadcrumb","itemListElement":[{"@type":"ListItem","position":1,"name":"Home","item":"https:\/\/www.upstairsjazz.com\/fr\/accueil-fr-test\/"},{"@type":"ListItem","position":2,"name":"Events","item":"https:\/\/www.upstairsjazz.com\/events\/"},{"@type":"ListItem","position":3,"name":"Tenor Madness with The Elliott Kobelansky Trio"}]},{"@type":"WebSite","@id":"https:\/\/www.upstairsjazz.com\/fr\/#website","url":"https:\/\/www.upstairsjazz.com\/fr\/","name":"Upstairs Jazz Club","description":"Upstairs jazz club, Montreal Canada","publisher":{"@id":"https:\/\/www.upstairsjazz.com\/fr\/#organization"},"potentialAction":[{"@type":"SearchAction","target":{"@type":"EntryPoint","urlTemplate":"https:\/\/www.upstairsjazz.com\/fr\/?s={search_term_string}"},"query-input":{"@type":"PropertyValueSpecification","valueRequired":true,"valueName":"search_term_string"}}],"inLanguage":"fr-FR"},{"@type":"Organization","@id":"https:\/\/www.upstairsjazz.com\/fr\/#organization","name":"Upstairs Jazz Bar & Grill","url":"https:\/\/www.upstairsjazz.com\/fr\/","logo":{"@type":"ImageObject","inLanguage":"fr-FR","@id":"https:\/\/www.upstairsjazz.com\/fr\/#\/schema\/logo\/image\/","url":"https:\/\/www.upstairsjazz.com\/wp-content\/uploads\/2020\/07\/upstairs-jazz-burger-1.jpg","contentUrl":"https:\/\/www.upstairsjazz.com\/wp-content\/uploads\/2020\/07\/upstairs-jazz-burger-1.jpg","width":1490,"height":993,"caption":"Upstairs Jazz Bar & Grill"},"image":{"@id":"https:\/\/www.upstairsjazz.com\/fr\/#\/schema\/logo\/image\/"},"sameAs":["https:\/\/www.facebook.com\/upstairsjazz","https:\/\/x.com\/Upstairsjazz","https:\/\/www.instagram.com\/upstairsjazz"]}]}</script>
<!-- / Yoast SEO Premium plugin. -->

Le Trio Elliott Kobelansky est un trio de jazz montréalais prometteur, influencé par des grands noms comme Oscar Peterson, Monty Alexander et Benny Green. Pour trois concerts, ils partageront la...
