{"id":6410,"date":"2026-01-30T11:07:42","date_gmt":"2026-01-30T16:07:42","guid":{"rendered":"https:\/\/www.upstairsjazz.com\/?post_type=ajde_events&#038;p=6410"},"modified":"2026-04-12T12:15:45","modified_gmt":"2026-04-12T17:15:45","slug":"kevin-dean-presente-la-nouvelle-generation-4","status":"publish","type":"ajde_events","link":"https:\/\/www.upstairsjazz.com\/fr\/events\/kevin-dean-presente-la-nouvelle-generation-4\/","title":{"rendered":"KEVIN DEAN PRESENTE LA NOUVELLE GENERATION"},"content":{"rendered":"<p>Kevin am\u00e8ne sur sc\u00e8ne un ensemble de jeunes gens talentueux qui constitueront la prochaine g\u00e9n\u00e9ration des meilleurs musiciens de jazz du Canada.<\/p>\n<p><span style=\"color: #dd3333;\"><strong><a style=\"color: #dd3333;\" href=\"https:\/\/youtu.be\/U2vgnHNcbBU?si=nukdn6pV4wZKsL9C\" target=\"_blank\" rel=\"noopener\">Youtube video: \u00ab\u00a0Change of Heart\u00a0\u00bb w\/ Kevin Dean, Al McLean, Mike Rud<\/a><\/strong><\/span><\/p>\n<p><iframe loading=\"lazy\" title=\"Jazz, Period. - &quot;Change of Heart&quot; w\/ Kevin Dean, Al McLean, Mike Rud\" width=\"1080\" height=\"608\" src=\"https:\/\/www.youtube.com\/embed\/U2vgnHNcbBU?feature=oembed\" frameborder=\"0\" allow=\"accelerometer; autoplay; clipboard-write; encrypted-media; gyroscope; picture-in-picture; web-share\" referrerpolicy=\"strict-origin-when-cross-origin\" allowfullscreen><\/iframe><\/p>\n","protected":false},"author":3,"featured_media":2880,"menu_order":0,"comment_status":"closed","ping_status":"closed","template":"","meta":[],"tags":[],"event_type":[],"event_type_2":[],"class_list":["post-6410","ajde_events","type-ajde_events","status-publish","has-post-thumbnail"],"yoast_head":"<!-- This site is optimized with the Yoast SEO Premium plugin v20.8 (Yoast SEO v27.4) - https:\/\/yoast.com\/product\/yoast-seo-premium-wordpress\/ -->\n<title>KEVIN DEAN PRESENTE LA NOUVELLE GENERATION - Upstairs Jazz<\/title>\n<meta name=\"robots\" content=\"index, follow, max-snippet:-1, max-image-preview:large, max-video-preview:-1\" \/>\n<link rel=\"canonical\" href=\"https:\/\/www.upstairsjazz.com\/fr\/events\/kevin-dean-presente-la-nouvelle-generation-4\/\" \/>\n<meta property=\"og:locale\" content=\"fr_FR\" \/>\n<meta property=\"og:type\" content=\"article\" \/>\n<meta property=\"og:title\" content=\"KEVIN DEAN PRESENTE LA NOUVELLE GENERATION\" \/>\n<meta property=\"og:description\" content=\"Kevin am\u00e8ne sur sc\u00e8ne un ensemble de jeunes gens talentueux qui constitueront la prochaine g\u00e9n\u00e9ration des meilleurs musiciens de jazz du Canada. Youtube video: \u00ab\u00a0Change of Heart\u00a0\u00bb w\/ Kevin Dean,...\" \/>\n<meta property=\"og:url\" content=\"https:\/\/www.upstairsjazz.com\/fr\/events\/kevin-dean-presente-la-nouvelle-generation-4\/\" \/>\n<meta property=\"og:site_name\" content=\"Upstairs Jazz\" \/>\n<meta property=\"article:publisher\" content=\"https:\/\/www.facebook.com\/upstairsjazz\" \/>\n<meta property=\"article:modified_time\" content=\"2026-04-12T17:15:45+00:00\" \/>\n<meta property=\"og:image\" content=\"https:\/\/www.upstairsjazz.com\/wp-content\/uploads\/2021\/07\/kevin-dean-quintet.jpg\" \/>\n\t<meta property=\"og:image:width\" content=\"432\" \/>\n\t<meta property=\"og:image:height\" content=\"359\" \/>\n\t<meta property=\"og:image:type\" content=\"image\/jpeg\" \/>\n<meta name=\"twitter:card\" content=\"summary_large_image\" \/>\n<meta name=\"twitter:site\" content=\"@Upstairsjazz\" \/>\n<meta name=\"twitter:label1\" content=\"Dur\u00e9e de lecture estim\u00e9e\" \/>\n\t<meta name=\"twitter:data1\" content=\"1 minute\" \/>\n<script type=\"application\/ld+json\" class=\"yoast-schema-graph\">{\"@context\":\"https:\\\/\\\/schema.org\",\"@graph\":[{\"@type\":\"WebPage\",\"@id\":\"https:\\\/\\\/www.upstairsjazz.com\\\/fr\\\/events\\\/kevin-dean-presente-la-nouvelle-generation-4\\\/\",\"url\":\"https:\\\/\\\/www.upstairsjazz.com\\\/fr\\\/events\\\/kevin-dean-presente-la-nouvelle-generation-4\\\/\",\"name\":\"KEVIN DEAN PRESENTE LA NOUVELLE GENERATION - Upstairs Jazz\",\"isPartOf\":{\"@id\":\"https:\\\/\\\/www.upstairsjazz.com\\\/fr\\\/#website\"},\"primaryImageOfPage\":{\"@id\":\"https:\\\/\\\/www.upstairsjazz.com\\\/fr\\\/events\\\/kevin-dean-presente-la-nouvelle-generation-4\\\/#primaryimage\"},\"image\":{\"@id\":\"https:\\\/\\\/www.upstairsjazz.com\\\/fr\\\/events\\\/kevin-dean-presente-la-nouvelle-generation-4\\\/#primaryimage\"},\"thumbnailUrl\":\"https:\\\/\\\/www.upstairsjazz.com\\\/wp-content\\\/uploads\\\/2021\\\/07\\\/kevin-dean-quintet.jpg\",\"datePublished\":\"2026-01-30T16:07:42+00:00\",\"dateModified\":\"2026-04-12T17:15:45+00:00\",\"breadcrumb\":{\"@id\":\"https:\\\/\\\/www.upstairsjazz.com\\\/fr\\\/events\\\/kevin-dean-presente-la-nouvelle-generation-4\\\/#breadcrumb\"},\"inLanguage\":\"fr-FR\",\"potentialAction\":[{\"@type\":\"ReadAction\",\"target\":[\"https:\\\/\\\/www.upstairsjazz.com\\\/fr\\\/events\\\/kevin-dean-presente-la-nouvelle-generation-4\\\/\"]}]},{\"@type\":\"ImageObject\",\"inLanguage\":\"fr-FR\",\"@id\":\"https:\\\/\\\/www.upstairsjazz.com\\\/fr\\\/events\\\/kevin-dean-presente-la-nouvelle-generation-4\\\/#primaryimage\",\"url\":\"https:\\\/\\\/www.upstairsjazz.com\\\/wp-content\\\/uploads\\\/2021\\\/07\\\/kevin-dean-quintet.jpg\",\"contentUrl\":\"https:\\\/\\\/www.upstairsjazz.com\\\/wp-content\\\/uploads\\\/2021\\\/07\\\/kevin-dean-quintet.jpg\",\"width\":432,\"height\":359},{\"@type\":\"BreadcrumbList\",\"@id\":\"https:\\\/\\\/www.upstairsjazz.com\\\/fr\\\/events\\\/kevin-dean-presente-la-nouvelle-generation-4\\\/#breadcrumb\",\"itemListElement\":[{\"@type\":\"ListItem\",\"position\":1,\"name\":\"Home\",\"item\":\"https:\\\/\\\/www.upstairsjazz.com\\\/fr\\\/accueil-fr-test\\\/\"},{\"@type\":\"ListItem\",\"position\":2,\"name\":\"Events\",\"item\":\"https:\\\/\\\/www.upstairsjazz.com\\\/events\\\/\"},{\"@type\":\"ListItem\",\"position\":3,\"name\":\"KEVIN DEAN PRESENTE LA NOUVELLE GENERATION\"}]},{\"@type\":\"WebSite\",\"@id\":\"https:\\\/\\\/www.upstairsjazz.com\\\/fr\\\/#website\",\"url\":\"https:\\\/\\\/www.upstairsjazz.com\\\/fr\\\/\",\"name\":\"Upstairs Jazz Club\",\"description\":\"Upstairs jazz club, Montreal Canada\",\"publisher\":{\"@id\":\"https:\\\/\\\/www.upstairsjazz.com\\\/fr\\\/#organization\"},\"potentialAction\":[{\"@type\":\"SearchAction\",\"target\":{\"@type\":\"EntryPoint\",\"urlTemplate\":\"https:\\\/\\\/www.upstairsjazz.com\\\/fr\\\/?s={search_term_string}\"},\"query-input\":{\"@type\":\"PropertyValueSpecification\",\"valueRequired\":true,\"valueName\":\"search_term_string\"}}],\"inLanguage\":\"fr-FR\"},{\"@type\":\"Organization\",\"@id\":\"https:\\\/\\\/www.upstairsjazz.com\\\/fr\\\/#organization\",\"name\":\"Upstairs Jazz Bar & Grill\",\"url\":\"https:\\\/\\\/www.upstairsjazz.com\\\/fr\\\/\",\"logo\":{\"@type\":\"ImageObject\",\"inLanguage\":\"fr-FR\",\"@id\":\"https:\\\/\\\/www.upstairsjazz.com\\\/fr\\\/#\\\/schema\\\/logo\\\/image\\\/\",\"url\":\"https:\\\/\\\/www.upstairsjazz.com\\\/wp-content\\\/uploads\\\/2020\\\/07\\\/upstairs-jazz-burger-1.jpg\",\"contentUrl\":\"https:\\\/\\\/www.upstairsjazz.com\\\/wp-content\\\/uploads\\\/2020\\\/07\\\/upstairs-jazz-burger-1.jpg\",\"width\":1490,\"height\":993,\"caption\":\"Upstairs Jazz Bar & Grill\"},\"image\":{\"@id\":\"https:\\\/\\\/www.upstairsjazz.com\\\/fr\\\/#\\\/schema\\\/logo\\\/image\\\/\"},\"sameAs\":[\"https:\\\/\\\/www.facebook.com\\\/upstairsjazz\",\"https:\\\/\\\/x.com\\\/Upstairsjazz\",\"https:\\\/\\\/www.instagram.com\\\/upstairsjazz\"]}]}<\/script>\n<!-- \/ Yoast SEO Premium plugin. -->","yoast_head_json":{"title":"KEVIN DEAN PRESENTE LA NOUVELLE GENERATION - Upstairs Jazz","robots":{"index":"index","follow":"follow","max-snippet":"max-snippet:-1","max-image-preview":"max-image-preview:large","max-video-preview":"max-video-preview:-1"},"canonical":"https:\/\/www.upstairsjazz.com\/fr\/events\/kevin-dean-presente-la-nouvelle-generation-4\/","og_locale":"fr_FR","og_type":"article","og_title":"KEVIN DEAN PRESENTE LA NOUVELLE GENERATION","og_description":"Kevin am\u00e8ne sur sc\u00e8ne un ensemble de jeunes gens talentueux qui constitueront la prochaine g\u00e9n\u00e9ration des meilleurs musiciens de jazz du Canada. Youtube video: \u00ab\u00a0Change of Heart\u00a0\u00bb w\/ Kevin Dean,...","og_url":"https:\/\/www.upstairsjazz.com\/fr\/events\/kevin-dean-presente-la-nouvelle-generation-4\/","og_site_name":"Upstairs Jazz","article_publisher":"https:\/\/www.facebook.com\/upstairsjazz","article_modified_time":"2026-04-12T17:15:45+00:00","og_image":[{"width":432,"height":359,"url":"https:\/\/www.upstairsjazz.com\/wp-content\/uploads\/2021\/07\/kevin-dean-quintet.jpg","type":"image\/jpeg"}],"twitter_card":"summary_large_image","twitter_site":"@Upstairsjazz","twitter_misc":{"Dur\u00e9e de lecture estim\u00e9e":"1 minute"},"schema":{"@context":"https:\/\/schema.org","@graph":[{"@type":"WebPage","@id":"https:\/\/www.upstairsjazz.com\/fr\/events\/kevin-dean-presente-la-nouvelle-generation-4\/","url":"https:\/\/www.upstairsjazz.com\/fr\/events\/kevin-dean-presente-la-nouvelle-generation-4\/","name":"KEVIN DEAN PRESENTE LA NOUVELLE GENERATION - Upstairs Jazz","isPartOf":{"@id":"https:\/\/www.upstairsjazz.com\/fr\/#website"},"primaryImageOfPage":{"@id":"https:\/\/www.upstairsjazz.com\/fr\/events\/kevin-dean-presente-la-nouvelle-generation-4\/#primaryimage"},"image":{"@id":"https:\/\/www.upstairsjazz.com\/fr\/events\/kevin-dean-presente-la-nouvelle-generation-4\/#primaryimage"},"thumbnailUrl":"https:\/\/www.upstairsjazz.com\/wp-content\/uploads\/2021\/07\/kevin-dean-quintet.jpg","datePublished":"2026-01-30T16:07:42+00:00","dateModified":"2026-04-12T17:15:45+00:00","breadcrumb":{"@id":"https:\/\/www.upstairsjazz.com\/fr\/events\/kevin-dean-presente-la-nouvelle-generation-4\/#breadcrumb"},"inLanguage":"fr-FR","potentialAction":[{"@type":"ReadAction","target":["https:\/\/www.upstairsjazz.com\/fr\/events\/kevin-dean-presente-la-nouvelle-generation-4\/"]}]},{"@type":"ImageObject","inLanguage":"fr-FR","@id":"https:\/\/www.upstairsjazz.com\/fr\/events\/kevin-dean-presente-la-nouvelle-generation-4\/#primaryimage","url":"https:\/\/www.upstairsjazz.com\/wp-content\/uploads\/2021\/07\/kevin-dean-quintet.jpg","contentUrl":"https:\/\/www.upstairsjazz.com\/wp-content\/uploads\/2021\/07\/kevin-dean-quintet.jpg","width":432,"height":359},{"@type":"BreadcrumbList","@id":"https:\/\/www.upstairsjazz.com\/fr\/events\/kevin-dean-presente-la-nouvelle-generation-4\/#breadcrumb","itemListElement":[{"@type":"ListItem","position":1,"name":"Home","item":"https:\/\/www.upstairsjazz.com\/fr\/accueil-fr-test\/"},{"@type":"ListItem","position":2,"name":"Events","item":"https:\/\/www.upstairsjazz.com\/events\/"},{"@type":"ListItem","position":3,"name":"KEVIN DEAN PRESENTE LA NOUVELLE GENERATION"}]},{"@type":"WebSite","@id":"https:\/\/www.upstairsjazz.com\/fr\/#website","url":"https:\/\/www.upstairsjazz.com\/fr\/","name":"Upstairs Jazz Club","description":"Upstairs jazz club, Montreal Canada","publisher":{"@id":"https:\/\/www.upstairsjazz.com\/fr\/#organization"},"potentialAction":[{"@type":"SearchAction","target":{"@type":"EntryPoint","urlTemplate":"https:\/\/www.upstairsjazz.com\/fr\/?s={search_term_string}"},"query-input":{"@type":"PropertyValueSpecification","valueRequired":true,"valueName":"search_term_string"}}],"inLanguage":"fr-FR"},{"@type":"Organization","@id":"https:\/\/www.upstairsjazz.com\/fr\/#organization","name":"Upstairs Jazz Bar & Grill","url":"https:\/\/www.upstairsjazz.com\/fr\/","logo":{"@type":"ImageObject","inLanguage":"fr-FR","@id":"https:\/\/www.upstairsjazz.com\/fr\/#\/schema\/logo\/image\/","url":"https:\/\/www.upstairsjazz.com\/wp-content\/uploads\/2020\/07\/upstairs-jazz-burger-1.jpg","contentUrl":"https:\/\/www.upstairsjazz.com\/wp-content\/uploads\/2020\/07\/upstairs-jazz-burger-1.jpg","width":1490,"height":993,"caption":"Upstairs Jazz Bar & Grill"},"image":{"@id":"https:\/\/www.upstairsjazz.com\/fr\/#\/schema\/logo\/image\/"},"sameAs":["https:\/\/www.facebook.com\/upstairsjazz","https:\/\/x.com\/Upstairsjazz","https:\/\/www.instagram.com\/upstairsjazz"]}]}},"_links":{"self":[{"href":"https:\/\/www.upstairsjazz.com\/fr\/wp-json\/wp\/v2\/ajde_events\/6410","targetHints":{"allow":["GET"]}}],"collection":[{"href":"https:\/\/www.upstairsjazz.com\/fr\/wp-json\/wp\/v2\/ajde_events"}],"about":[{"href":"https:\/\/www.upstairsjazz.com\/fr\/wp-json\/wp\/v2\/types\/ajde_events"}],"author":[{"embeddable":true,"href":"https:\/\/www.upstairsjazz.com\/fr\/wp-json\/wp\/v2\/users\/3"}],"replies":[{"embeddable":true,"href":"https:\/\/www.upstairsjazz.com\/fr\/wp-json\/wp\/v2\/comments?post=6410"}],"wp:featuredmedia":[{"embeddable":true,"href":"https:\/\/www.upstairsjazz.com\/fr\/wp-json\/wp\/v2\/media\/2880"}],"wp:attachment":[{"href":"https:\/\/www.upstairsjazz.com\/fr\/wp-json\/wp\/v2\/media?parent=6410"}],"wp:term":[{"taxonomy":"post_tag","embeddable":true,"href":"https:\/\/www.upstairsjazz.com\/fr\/wp-json\/wp\/v2\/tags?post=6410"},{"taxonomy":"event_type","embeddable":true,"href":"https:\/\/www.upstairsjazz.com\/fr\/wp-json\/wp\/v2\/event_type?post=6410"},{"taxonomy":"event_type_2","embeddable":true,"href":"https:\/\/www.upstairsjazz.com\/fr\/wp-json\/wp\/v2\/event_type_2?post=6410"}],"curies":[{"name":"wp","href":"https:\/\/api.w.org\/{rel}","templated":true}]}}

<p>Kevin amène sur scène un ensemble de jeunes gens talentueux qui constitueront la prochaine génération des meilleurs musiciens de jazz du Canada.</p>
<p><span style="color: #dd3333;"><strong><a style="color: #dd3333;" href="https://youtu.be/U2vgnHNcbBU?si=nukdn6pV4wZKsL9C" target="_blank" rel="noopener">Youtube video: « Change of Heart » w/ Kevin Dean, Al McLean, Mike Rud</a></strong></span></p>
<p><iframe loading="lazy" title="Jazz, Period. - &quot;Change of Heart&quot; w/ Kevin Dean, Al McLean, Mike Rud" width="1080" height="608" src="https://www.youtube.com/embed/U2vgnHNcbBU?feature=oembed" frameborder="0" allow="accelerometer; autoplay; clipboard-write; encrypted-media; gyroscope; picture-in-picture; web-share" referrerpolicy="strict-origin-when-cross-origin" allowfullscreen></iframe></p>

<!-- This site is optimized with the Yoast SEO Premium plugin v20.8 (Yoast SEO v27.4) - https://yoast.com/product/yoast-seo-premium-wordpress/ -->
<title>KEVIN DEAN PRESENTE LA NOUVELLE GENERATION - Upstairs Jazz</title>
<meta name="robots" content="index, follow, max-snippet:-1, max-image-preview:large, max-video-preview:-1" />
<link rel="canonical" href="https://www.upstairsjazz.com/fr/events/kevin-dean-presente-la-nouvelle-generation-4/" />
<meta property="og:locale" content="fr_FR" />
<meta property="og:type" content="article" />
<meta property="og:title" content="KEVIN DEAN PRESENTE LA NOUVELLE GENERATION" />
<meta property="og:description" content="Kevin amène sur scène un ensemble de jeunes gens talentueux qui constitueront la prochaine génération des meilleurs musiciens de jazz du Canada. Youtube video: « Change of Heart » w/ Kevin Dean,..." />
<meta property="og:url" content="https://www.upstairsjazz.com/fr/events/kevin-dean-presente-la-nouvelle-generation-4/" />
<meta property="og:site_name" content="Upstairs Jazz" />
<meta property="article:publisher" content="https://www.facebook.com/upstairsjazz" />
<meta property="article:modified_time" content="2026-04-12T17:15:45+00:00" />
<meta property="og:image" content="https://www.upstairsjazz.com/wp-content/uploads/2021/07/kevin-dean-quintet.jpg" />
	<meta property="og:image:width" content="432" />
	<meta property="og:image:height" content="359" />
	<meta property="og:image:type" content="image/jpeg" />
<meta name="twitter:card" content="summary_large_image" />
<meta name="twitter:site" content="@Upstairsjazz" />
<meta name="twitter:label1" content="Durée de lecture estimée" />
	<meta name="twitter:data1" content="1 minute" />
<script type="application/ld+json" class="yoast-schema-graph">{"@context":"https:\/\/schema.org","@graph":[{"@type":"WebPage","@id":"https:\/\/www.upstairsjazz.com\/fr\/events\/kevin-dean-presente-la-nouvelle-generation-4\/","url":"https:\/\/www.upstairsjazz.com\/fr\/events\/kevin-dean-presente-la-nouvelle-generation-4\/","name":"KEVIN DEAN PRESENTE LA NOUVELLE GENERATION - Upstairs Jazz","isPartOf":{"@id":"https:\/\/www.upstairsjazz.com\/fr\/#website"},"primaryImageOfPage":{"@id":"https:\/\/www.upstairsjazz.com\/fr\/events\/kevin-dean-presente-la-nouvelle-generation-4\/#primaryimage"},"image":{"@id":"https:\/\/www.upstairsjazz.com\/fr\/events\/kevin-dean-presente-la-nouvelle-generation-4\/#primaryimage"},"thumbnailUrl":"https:\/\/www.upstairsjazz.com\/wp-content\/uploads\/2021\/07\/kevin-dean-quintet.jpg","datePublished":"2026-01-30T16:07:42+00:00","dateModified":"2026-04-12T17:15:45+00:00","breadcrumb":{"@id":"https:\/\/www.upstairsjazz.com\/fr\/events\/kevin-dean-presente-la-nouvelle-generation-4\/#breadcrumb"},"inLanguage":"fr-FR","potentialAction":[{"@type":"ReadAction","target":["https:\/\/www.upstairsjazz.com\/fr\/events\/kevin-dean-presente-la-nouvelle-generation-4\/"]}]},{"@type":"ImageObject","inLanguage":"fr-FR","@id":"https:\/\/www.upstairsjazz.com\/fr\/events\/kevin-dean-presente-la-nouvelle-generation-4\/#primaryimage","url":"https:\/\/www.upstairsjazz.com\/wp-content\/uploads\/2021\/07\/kevin-dean-quintet.jpg","contentUrl":"https:\/\/www.upstairsjazz.com\/wp-content\/uploads\/2021\/07\/kevin-dean-quintet.jpg","width":432,"height":359},{"@type":"BreadcrumbList","@id":"https:\/\/www.upstairsjazz.com\/fr\/events\/kevin-dean-presente-la-nouvelle-generation-4\/#breadcrumb","itemListElement":[{"@type":"ListItem","position":1,"name":"Home","item":"https:\/\/www.upstairsjazz.com\/fr\/accueil-fr-test\/"},{"@type":"ListItem","position":2,"name":"Events","item":"https:\/\/www.upstairsjazz.com\/events\/"},{"@type":"ListItem","position":3,"name":"KEVIN DEAN PRESENTE LA NOUVELLE GENERATION"}]},{"@type":"WebSite","@id":"https:\/\/www.upstairsjazz.com\/fr\/#website","url":"https:\/\/www.upstairsjazz.com\/fr\/","name":"Upstairs Jazz Club","description":"Upstairs jazz club, Montreal Canada","publisher":{"@id":"https:\/\/www.upstairsjazz.com\/fr\/#organization"},"potentialAction":[{"@type":"SearchAction","target":{"@type":"EntryPoint","urlTemplate":"https:\/\/www.upstairsjazz.com\/fr\/?s={search_term_string}"},"query-input":{"@type":"PropertyValueSpecification","valueRequired":true,"valueName":"search_term_string"}}],"inLanguage":"fr-FR"},{"@type":"Organization","@id":"https:\/\/www.upstairsjazz.com\/fr\/#organization","name":"Upstairs Jazz Bar & Grill","url":"https:\/\/www.upstairsjazz.com\/fr\/","logo":{"@type":"ImageObject","inLanguage":"fr-FR","@id":"https:\/\/www.upstairsjazz.com\/fr\/#\/schema\/logo\/image\/","url":"https:\/\/www.upstairsjazz.com\/wp-content\/uploads\/2020\/07\/upstairs-jazz-burger-1.jpg","contentUrl":"https:\/\/www.upstairsjazz.com\/wp-content\/uploads\/2020\/07\/upstairs-jazz-burger-1.jpg","width":1490,"height":993,"caption":"Upstairs Jazz Bar & Grill"},"image":{"@id":"https:\/\/www.upstairsjazz.com\/fr\/#\/schema\/logo\/image\/"},"sameAs":["https:\/\/www.facebook.com\/upstairsjazz","https:\/\/x.com\/Upstairsjazz","https:\/\/www.instagram.com\/upstairsjazz"]}]}</script>
<!-- / Yoast SEO Premium plugin. -->

Kevin amène sur scène un ensemble de jeunes gens talentueux qui constitueront la prochaine génération des meilleurs musiciens de jazz du Canada. Youtube video: « Change of Heart » w/ Kevin Dean,...
